{"id":2372,"date":"2021-07-07T16:10:05","date_gmt":"2021-07-07T19:10:05","guid":{"rendered":"https:\/\/esm-nqn.infd.edu.ar\/sitio\/?page_id=2372"},"modified":"2022-05-13T20:01:08","modified_gmt":"2022-05-13T23:01:08","slug":"02-inicio","status":"publish","type":"page","link":"https:\/\/esm-nqn.infd.edu.ar\/sitio\/02-inicio\/","title":{"rendered":"inicio"},"content":{"rendered":"\n<h1 class=\"wp-block-heading\">Bienvenidos!<\/h1>\n\n\n\n<div class=\"wp-block-cover alignfull\"><img decoding=\"async\" loading=\"lazy\" width=\"1280\" height=\"720\" class=\"wp-block-cover__image-background wp-image-2765\" alt=\"\" src=\"https:\/\/esm-nqn.infd.edu.ar\/sitio\/wp-content\/uploads\/2021\/08\/acuarela-verde-rotated.jpeg\" style=\"object-position:51% 7%\" data-object-fit=\"cover\" data-object-position=\"51% 7%\" srcset=\"https:\/\/esm-nqn.infd.edu.ar\/sitio\/wp-content\/uploads\/2021\/08\/acuarela-verde-rotated.jpeg 1280w, https:\/\/esm-nqn.infd.edu.ar\/sitio\/wp-content\/uploads\/2021\/08\/acuarela-verde-1000x563.jpeg 1000w, https:\/\/esm-nqn.infd.edu.ar\/sitio\/wp-content\/uploads\/2021\/08\/acuarela-verde-768x432.jpeg 768w\" sizes=\"(max-width: 1280px) 100vw, 1280px\" \/><div class=\"wp-block-cover__inner-container\">\n<p class=\"has-text-align-center has-large-font-size\">\n<a href=\"#npropuesta\" data-type=\"internal\" data-id=\"#npropuesta\" style=\"a.hover: display: none\">\n  <img decoding=\"async\" loading=\"lazy\" width=\"204\" height=\"211\" class=\"wp-image-3562\" style=\"width: 150px;\" src=\"https:\/\/esm-nqn.infd.edu.ar\/sitio\/wp-content\/uploads\/2022\/05\/NPropuesta.png\" alt=\"Breve explicaci\u00f3n sobre todas las propuestas que brindan los diferentes niveles de la instituci\u00f3n\"><\/a>  \n<a href=\"https:\/\/esm-nqn.infd.edu.ar\/sitio\/02-inicio\/nines\/\" data-type=\"page\" data-id=\"2799\">\n  <img decoding=\"async\" class=\"wp-image-2790\" style=\"width: 150px;\" src=\"https:\/\/esm-nqn.infd.edu.ar\/sitio\/wp-content\/uploads\/2021\/08\/NNinnes.png\" alt=\"\"><\/a>  \n<a href=\"https:\/\/esm-nqn.infd.edu.ar\/sitio\/02-inicio\/orquestas-barrios\/\" data-type=\"page\" data-id=\"2802\">\n  <img decoding=\"async\" loading=\"lazy\" width=\"204\" height=\"209\" class=\"wp-image-2791\" style=\"width: 150px;\" src=\"https:\/\/esm-nqn.infd.edu.ar\/sitio\/wp-content\/uploads\/2021\/08\/NOrquestas.png\" alt=\"\"><\/a>  \n<a href=\"https:\/\/esm-nqn.infd.edu.ar\/sitio\/02-inicio\/fobam\/\" data-type=\"URL\" data-id=\"https:\/\/esm-nqn.infd.edu.ar\/sitio\/02-inicio\/fobam\/\">\n  <img decoding=\"async\" loading=\"lazy\" width=\"204\" height=\"212\" class=\"wp-image-2789\" style=\"width: 150px;\" src=\"https:\/\/esm-nqn.infd.edu.ar\/sitio\/wp-content\/uploads\/2021\/08\/NFoBaM.png\" alt=\"\"><\/a>  \n<a href=\"https:\/\/esm-nqn.infd.edu.ar\/sitio\/02-inicio\/terciario\/\" data-type=\"page\" data-id=\"2813\">\n  <img decoding=\"async\" loading=\"lazy\" width=\"204\" height=\"212\" class=\"wp-image-2792\" style=\"width: 150px;\" src=\"https:\/\/esm-nqn.infd.edu.ar\/sitio\/wp-content\/uploads\/2021\/08\/NTerciario.png\" alt=\"\"><\/a>  \n<a href=\"#agendac\" data-type=\"internal\" data-id=\"#agendac\">\n  <img decoding=\"async\" loading=\"lazy\" width=\"204\" height=\"211\" class=\"wp-image-3583\" style=\"width: 150px;\" src=\"https:\/\/esm-nqn.infd.edu.ar\/sitio\/wp-content\/uploads\/2022\/05\/agendac.png\" alt=\"\"><\/a>  \n<a href=\"https:\/\/esm-nqn.infd.edu.ar\/sitio\/02-inicio\/institucional\/\" data-type=\"page\" data-id=\"2407\">\n  <img decoding=\"async\" loading=\"lazy\" width=\"204\" height=\"211\" class=\"wp-image-3438\" style=\"width: 150px;\" src=\"https:\/\/esm-nqn.infd.edu.ar\/sitio\/wp-content\/uploads\/2022\/04\/Institucional.png\" alt=\"Institucional\"><\/a> \n<\/p>\n<\/div><\/div>\n\n\n\n<h3 class=\"wp-block-heading\">Novedades<\/h3>\n\n\n<ul class=\"wp-block-latest-posts__list is-grid columns-3 has-dates wp-block-latest-posts\"><li><div class=\"wp-block-latest-posts__featured-image\"><img width=\"500\" height=\"500\" src=\"https:\/\/esm-nqn.infd.edu.ar\/sitio\/wp-content\/uploads\/2026\/04\/fobam-500x500.png\" class=\"attachment-thumbnail size-thumbnail wp-post-image\" alt=\"\" decoding=\"async\" loading=\"lazy\" style=\"\" srcset=\"https:\/\/esm-nqn.infd.edu.ar\/sitio\/wp-content\/uploads\/2026\/04\/fobam-500x500.png 500w, https:\/\/esm-nqn.infd.edu.ar\/sitio\/wp-content\/uploads\/2026\/04\/fobam-1000x1000.png 1000w, https:\/\/esm-nqn.infd.edu.ar\/sitio\/wp-content\/uploads\/2026\/04\/fobam-768x768.png 768w, https:\/\/esm-nqn.infd.edu.ar\/sitio\/wp-content\/uploads\/2026\/04\/fobam.png 1080w\" sizes=\"(max-width: 500px) 100vw, 500px\" \/><\/div><a class=\"wp-block-latest-posts__post-title\" href=\"https:\/\/esm-nqn.infd.edu.ar\/sitio\/subastas-2\/\">SUBASTAS<\/a><time datetime=\"2026-04-27T10:12:08-03:00\" class=\"wp-block-latest-posts__post-date\">27 abril, 2026<\/time><div class=\"wp-block-latest-posts__post-excerpt\">La subasta se realizara el Jueves 30\/4 a las 19hs en el hall de la escalera (frente a preceptor\u00eda fobam). Traer DNI Les dejamos el link para que veas que instrumentos est\u00e1n Vacantes<\/div><\/li>\n<li><div class=\"wp-block-latest-posts__featured-image\"><img width=\"500\" height=\"500\" src=\"https:\/\/esm-nqn.infd.edu.ar\/sitio\/wp-content\/uploads\/2026\/04\/Educar-es-el-acto-mas-revolucionario-porque-forma-a-quienes-pueden-transformar-el-mundo-1-500x500.png\" class=\"attachment-thumbnail size-thumbnail wp-post-image\" alt=\"\" decoding=\"async\" loading=\"lazy\" style=\"\" \/><\/div><a class=\"wp-block-latest-posts__post-title\" href=\"https:\/\/esm-nqn.infd.edu.ar\/sitio\/feliz-dia-profes\/\">Feliz d\u00eda Profes!!!<\/a><time datetime=\"2026-04-16T23:46:25-03:00\" class=\"wp-block-latest-posts__post-date\">16 abril, 2026<\/time><div class=\"wp-block-latest-posts__post-excerpt\">Les deseamos un muy feliz d\u00eda a todxs lxs Profes de Neuqu\u00e9n y les recordamos que el viernes 17 de abril no hay clases por asueto.<\/div><\/li>\n<li><div class=\"wp-block-latest-posts__featured-image\"><img width=\"500\" height=\"500\" src=\"https:\/\/esm-nqn.infd.edu.ar\/sitio\/wp-content\/uploads\/2026\/04\/Copia-de-NINES-3-500x500.png\" class=\"attachment-thumbnail size-thumbnail wp-post-image\" alt=\"\" decoding=\"async\" loading=\"lazy\" style=\"\" srcset=\"https:\/\/esm-nqn.infd.edu.ar\/sitio\/wp-content\/uploads\/2026\/04\/Copia-de-NINES-3-500x500.png 500w, https:\/\/esm-nqn.infd.edu.ar\/sitio\/wp-content\/uploads\/2026\/04\/Copia-de-NINES-3-1000x1000.png 1000w, https:\/\/esm-nqn.infd.edu.ar\/sitio\/wp-content\/uploads\/2026\/04\/Copia-de-NINES-3-768x768.png 768w, https:\/\/esm-nqn.infd.edu.ar\/sitio\/wp-content\/uploads\/2026\/04\/Copia-de-NINES-3.png 1080w\" sizes=\"(max-width: 500px) 100vw, 500px\" \/><\/div><a class=\"wp-block-latest-posts__post-title\" href=\"https:\/\/esm-nqn.infd.edu.ar\/sitio\/vacantes-5\/\">Vacantes<\/a><time datetime=\"2026-04-09T09:55:20-03:00\" class=\"wp-block-latest-posts__post-date\">9 abril, 2026<\/time><div class=\"wp-block-latest-posts__post-excerpt\"><\/div><\/li>\n<li><div class=\"wp-block-latest-posts__featured-image\"><img width=\"500\" height=\"500\" src=\"https:\/\/esm-nqn.infd.edu.ar\/sitio\/wp-content\/uploads\/2026\/03\/Copia-de-NINES-1-1-500x500.png\" class=\"attachment-thumbnail size-thumbnail wp-post-image\" alt=\"\" decoding=\"async\" loading=\"lazy\" style=\"\" srcset=\"https:\/\/esm-nqn.infd.edu.ar\/sitio\/wp-content\/uploads\/2026\/03\/Copia-de-NINES-1-1-500x500.png 500w, https:\/\/esm-nqn.infd.edu.ar\/sitio\/wp-content\/uploads\/2026\/03\/Copia-de-NINES-1-1-1000x1000.png 1000w, https:\/\/esm-nqn.infd.edu.ar\/sitio\/wp-content\/uploads\/2026\/03\/Copia-de-NINES-1-1-768x768.png 768w, https:\/\/esm-nqn.infd.edu.ar\/sitio\/wp-content\/uploads\/2026\/03\/Copia-de-NINES-1-1.png 1080w\" sizes=\"(max-width: 500px) 100vw, 500px\" \/><\/div><a class=\"wp-block-latest-posts__post-title\" href=\"https:\/\/esm-nqn.infd.edu.ar\/sitio\/6658-2\/\">(sin t\u00edtulo)<\/a><time datetime=\"2026-03-26T10:50:52-03:00\" class=\"wp-block-latest-posts__post-date\">26 marzo, 2026<\/time><div class=\"wp-block-latest-posts__post-excerpt\">Atenci\u00f3n!!! Hay lugares para nivel ni\u00f1os\/as que tengan entre 8 y 10 a\u00f1os para los siguientes instrumentos OBOE- FLAUTA DULCE- FLAUTA TRAVERSA Y CELLO.Si te interesa ac\u00e9rcate a la preceptor\u00eda de 14 a 17:30.Les esperamos<\/div><\/li>\n<li><div class=\"wp-block-latest-posts__featured-image\"><img width=\"500\" height=\"500\" src=\"https:\/\/esm-nqn.infd.edu.ar\/sitio\/wp-content\/uploads\/2026\/03\/WhatsApp-Image-2026-03-17-at-22.02.45-1-500x500.jpeg\" class=\"attachment-thumbnail size-thumbnail wp-post-image\" alt=\"\" decoding=\"async\" loading=\"lazy\" style=\"\" srcset=\"https:\/\/esm-nqn.infd.edu.ar\/sitio\/wp-content\/uploads\/2026\/03\/WhatsApp-Image-2026-03-17-at-22.02.45-1-500x500.jpeg 500w, https:\/\/esm-nqn.infd.edu.ar\/sitio\/wp-content\/uploads\/2026\/03\/WhatsApp-Image-2026-03-17-at-22.02.45-1-1000x1000.jpeg 1000w, https:\/\/esm-nqn.infd.edu.ar\/sitio\/wp-content\/uploads\/2026\/03\/WhatsApp-Image-2026-03-17-at-22.02.45-1-768x768.jpeg 768w, https:\/\/esm-nqn.infd.edu.ar\/sitio\/wp-content\/uploads\/2026\/03\/WhatsApp-Image-2026-03-17-at-22.02.45-1.jpeg 1500w\" sizes=\"(max-width: 500px) 100vw, 500px\" \/><\/div><a class=\"wp-block-latest-posts__post-title\" href=\"https:\/\/esm-nqn.infd.edu.ar\/sitio\/convocatoria-abierta-a-50-anos-del-golpe-civico-militar\/\">Convocatoria abierta a 50 a\u00f1os del golpe c\u00edvico-militar.<\/a><time datetime=\"2026-03-18T10:50:16-03:00\" class=\"wp-block-latest-posts__post-date\">18 marzo, 2026<\/time><div class=\"wp-block-latest-posts__post-excerpt\">Acompa\u00f1aremos las actividades del d\u00eda de la Memoria por la Verdad y la Justicia en Neuqu\u00e9n aportando arte en colectivo.El 24 de marzo de 16 a 18hs en jornada art\u00edstica, nos sumamos a la construcci\u00f3n colectiva y cotidiana de la &#8230; <a title=\"Convocatoria abierta a 50 a\u00f1os del golpe c\u00edvico-militar.\" class=\"read-more\" href=\"https:\/\/esm-nqn.infd.edu.ar\/sitio\/convocatoria-abierta-a-50-anos-del-golpe-civico-militar\/\" aria-label=\"More on Convocatoria abierta a 50 a\u00f1os del golpe c\u00edvico-militar.\">[+]<\/a><\/div><\/li>\n<li><a class=\"wp-block-latest-posts__post-title\" href=\"https:\/\/esm-nqn.infd.edu.ar\/sitio\/nivel-fobam-6\/\">NIVEL FOBAM<\/a><time datetime=\"2026-02-12T08:30:38-03:00\" class=\"wp-block-latest-posts__post-date\">12 febrero, 2026<\/time><div class=\"wp-block-latest-posts__post-excerpt\">Inscripciones a mesas de examen del 10 al 12\/2 hasta las 18hs.<\/div><\/li>\n<\/ul>\n\n\n\n\n<hr class=\"wp-block-separator\"\/>\n\n\n\n<h3 class=\"wp-block-heading\" id=\"agendac\">Agenda Cultural<\/h3>\n\n\n\n<div class=\"wp-block-cover has-parallax\" style=\"background-image:url(https:\/\/esm-nqn.infd.edu.ar\/sitio\/wp-content\/uploads\/2021\/08\/WhatsApp-Image-2021-08-30-at-12.02.29-rotated.jpeg)\"><div class=\"wp-block-cover__inner-container\">\n<div style=\"width: 100%;\"><div style=\"position: relative; padding-bottom: 56.25%; padding-top: 0; height: 0;\"><iframe loading=\"lazy\" src=\"https:\/\/calendar.google.com\/calendar\/embed?height=600&#038;wkst=2&#038;bgcolor=%23ffffff&#038;ctz=America%2FArgentina%2FRio_Gallegos&#038;title=Eventos%20programados%20en%20la%20ESMN&#038;src=aW5mb3JtYXRpY2Flc21uQGdtYWlsLmNvbQ&#038;src=ZXMuYXIjaG9saWRheUBncm91cC52LmNhbGVuZGFyLmdvb2dsZS5jb20&#038;color=%23039BE5&#038;color=%230B8043\" style=\"border-width:0\" width=\"800\" height=\"600\" frameborder=\"0\" scrolling=\"no\"><\/iframe> <\/div> <\/div>\n\n\n\n<p>a ver si acomoda<\/p>\n<\/div><\/div>\n\n\n\n<hr class=\"wp-block-separator\"\/>\n\n\n\n<h3 class=\"wp-block-heading\" id=\"npropuesta\">Nuestra Propuesta<\/h3>\n\n\n\n<div class=\"container-wrapper-genially\" style=\"position: relative; min-height: 400px; max-width: 100%;\"><video class=\"loader-genially\" autoplay=\"autoplay\" loop=\"loop\" playsinline=\"playsInline\" muted=\"muted\" style=\"position: absolute;top: 45%;left: 50%;transform: translate(-50%, -50%);width: 80px;height: 80px;margin-bottom: 10%\"><source src=\"https:\/\/static.genial.ly\/resources\/panel-loader-low.mp4\" type=\"video\/mp4\">Your browser does not support the video tag.<\/video><div id=\"616dee92e0246e0da3799348\" class=\"genially-embed\" style=\"margin: 0px auto; position: relative; height: auto; width: 100%;\"><\/div><\/div><script>(function (d) { var js, id = \"genially-embed-js\", ref = d.getElementsByTagName(\"script\")[0]; if (d.getElementById(id)) { return; } js = d.createElement(\"script\"); js.id = id; js.async = true; js.src = \"https:\/\/view.genial.ly\/static\/embed\/embed.js\"; ref.parentNode.insertBefore(js, ref); }(document));<\/script>\n\n\n\n<div class=\"wp-block-group\"><div class=\"wp-block-group__inner-container is-layout-flow\">\n<h5 class=\"wp-block-heading\">Detalle de las propuestas acad\u00e9micas de los diferentes niveles<\/h5>\n\n\n\n<div class=\"wp-block-buttons is-layout-flex\">\n<div class=\"wp-block-button is-style-outline\"><a class=\"wp-block-button__link\" href=\"https:\/\/esm-nqn.infd.edu.ar\/sitio\/02-inicio\/nines\/#pestudios\" style=\"border-radius:3px\">Ni\u00f1os y Ni\u00f1as<\/a><\/div>\n\n\n\n<div class=\"wp-block-button is-style-outline\"><a class=\"wp-block-button__link\" style=\"border-radius:3px\">Orquestas en los Barrios<\/a><\/div>\n\n\n\n<div class=\"wp-block-button is-style-outline\"><a class=\"wp-block-button__link\" style=\"border-radius:3px\">FoBaM<\/a><\/div>\n\n\n\n<div class=\"wp-block-button is-style-outline\"><a class=\"wp-block-button__link\" style=\"border-radius:3px\">Terciario<\/a><\/div>\n<\/div>\n<\/div><\/div>\n\n\n\n<hr class=\"wp-block-separator\"\/>\n\n\n\n<figure class=\"wp-block-image\"><img decoding=\"async\" src=\"https:\/\/esm-nqn.infd.edu.ar\/sitio\/wp-content\/uploads\/2018\/08\/la_red.jpg\" alt=\"Red virtual\"\/><\/figure>\n\n\n\n<p>Junto con varios cientos de Institutos, integramos la <strong><em>Red&nbsp;Virtual de Institutos Superiores de Formaci\u00f3n Docente<\/em><\/strong>&nbsp;coordinada por el <strong>INFD<\/strong> (Instituto Nacional de Formaci\u00f3n Docente) dependiente del Ministerio de Educaci\u00f3n de la Naci\u00f3n Argentina.<\/p>\n","protected":false},"excerpt":{"rendered":"<p>Bienvenidos! Novedades Agenda Cultural Nuestra Propuesta Your browser does not support the video tag. Detalle de las propuestas acad\u00e9micas de los diferentes niveles Junto con varios cientos de Institutos, integramos la Red&nbsp;Virtual de Institutos Superiores de Formaci\u00f3n Docente&nbsp;coordinada por el INFD (Instituto Nacional de Formaci\u00f3n Docente) dependiente del Ministerio de Educaci\u00f3n de la Naci\u00f3n Argentina.<\/p>\n","protected":false},"author":393,"featured_media":0,"parent":0,"menu_order":0,"comment_status":"closed","ping_status":"closed","template":"","meta":[],"acf":[],"_links":{"self":[{"href":"https:\/\/esm-nqn.infd.edu.ar\/sitio\/wp-json\/wp\/v2\/pages\/2372"}],"collection":[{"href":"https:\/\/esm-nqn.infd.edu.ar\/sitio\/wp-json\/wp\/v2\/pages"}],"about":[{"href":"https:\/\/esm-nqn.infd.edu.ar\/sitio\/wp-json\/wp\/v2\/types\/page"}],"author":[{"embeddable":true,"href":"https:\/\/esm-nqn.infd.edu.ar\/sitio\/wp-json\/wp\/v2\/users\/393"}],"replies":[{"embeddable":true,"href":"https:\/\/esm-nqn.infd.edu.ar\/sitio\/wp-json\/wp\/v2\/comments?post=2372"}],"version-history":[{"count":99,"href":"https:\/\/esm-nqn.infd.edu.ar\/sitio\/wp-json\/wp\/v2\/pages\/2372\/revisions"}],"predecessor-version":[{"id":3705,"href":"https:\/\/esm-nqn.infd.edu.ar\/sitio\/wp-json\/wp\/v2\/pages\/2372\/revisions\/3705"}],"wp:attachment":[{"href":"https:\/\/esm-nqn.infd.edu.ar\/sitio\/wp-json\/wp\/v2\/media?parent=2372"}],"curies":[{"name":"wp","href":"https:\/\/api.w.org\/{rel}","templated":true}]}}