{"id":2808,"date":"2021-08-31T13:26:00","date_gmt":"2021-08-31T16:26:00","guid":{"rendered":"https:\/\/esm-nqn.infd.edu.ar\/sitio\/?page_id=2808"},"modified":"2026-02-26T11:46:36","modified_gmt":"2026-02-26T14:46:36","slug":"fobam","status":"publish","type":"page","link":"https:\/\/esm-nqn.infd.edu.ar\/sitio\/inicio\/fobam\/","title":{"rendered":"FoBaM &#8211; Formaci\u00f3n B\u00e1sica Musical"},"content":{"rendered":"\n<div class=\"container-wrapper-genially\" style=\"position: relative; min-height: 400px; max-width: 100%;\"><video class=\"loader-genially\" autoplay=\"autoplay\" loop=\"loop\" playsinline=\"playsInline\" muted=\"muted\" style=\"position: absolute;top: 45%;left: 50%;transform: translate(-50%, -50%);width: 80px;height: 80px;margin-bottom: 10%\"><source src=\"https:\/\/static.genial.ly\/resources\/loader-default.mp4\" type=\"video\/mp4\">Your browser does not support the video tag.<\/video><div id=\"6542628e8651ab0012e0955e\" class=\"genially-embed\" style=\"margin: 0px auto; position: relative; height: auto; width: 100%;\"><\/div><\/div><script>(function (d) { var js, id = \"genially-embed-js\", ref = d.getElementsByTagName(\"script\")[0]; if (d.getElementById(id)) { return; } js = d.createElement(\"script\"); js.id = id; js.async = true; js.src = \"https:\/\/view.genial.ly\/static\/embed\/embed.js\"; ref.parentNode.insertBefore(js, ref); }(document));<\/script>\n\n\n\n<hr class=\"wp-block-separator has-alpha-channel-opacity is-style-dots\"\/>\n\n\n\n<figure class=\"wp-block-image size-medium is-resized\"><img decoding=\"async\" loading=\"lazy\" src=\"https:\/\/esm-nqn.infd.edu.ar\/sitio\/wp-content\/uploads\/2023\/09\/Google-Classroom-Header-Art-1000x250.png\" alt=\"\" class=\"wp-image-5056\" width=\"750\" height=\"188\" srcset=\"https:\/\/esm-nqn.infd.edu.ar\/sitio\/wp-content\/uploads\/2023\/09\/Google-Classroom-Header-Art-1000x250.png 1000w, https:\/\/esm-nqn.infd.edu.ar\/sitio\/wp-content\/uploads\/2023\/09\/Google-Classroom-Header-Art-1900x475.png 1900w, https:\/\/esm-nqn.infd.edu.ar\/sitio\/wp-content\/uploads\/2023\/09\/Google-Classroom-Header-Art-768x192.png 768w, https:\/\/esm-nqn.infd.edu.ar\/sitio\/wp-content\/uploads\/2023\/09\/Google-Classroom-Header-Art-1536x384.png 1536w, https:\/\/esm-nqn.infd.edu.ar\/sitio\/wp-content\/uploads\/2023\/09\/Google-Classroom-Header-Art.png 1920w\" sizes=\"(max-width: 750px) 100vw, 750px\" \/><\/figure>\n\n\n\n<p class=\"has-large-font-size\"><\/p>\n\n\n\n<p class=\"has-medium-font-size\"><a href=\"https:\/\/drive.google.com\/drive\/folders\/1pGjRjE0hQV-z3fO4AwEVPxuTzL6LmHGp\">https:\/\/drive.google.com\/drive\/folders\/1pGjRjE0hQV-z3fO4AwEVPxuTzL6LmHGp<\/a><\/p>\n\n\n\n<hr class=\"wp-block-separator has-alpha-channel-opacity\"\/>\n\n\n\n<h2 class=\"wp-block-heading has-text-align-center\">Cartelera de novedades<\/h2>\n\n\n\n<div class=\"wp-block-columns is-layout-flex wp-container-5\">\n<div class=\"wp-block-column is-layout-flow\" style=\"flex-basis:100%\">\n<div class=\"wp-block-group has-small-font-size is-layout-constrained\"><div class=\"wp-block-group__inner-container\">\n<div class=\"wp-block-columns are-vertically-aligned-center is-layout-flex wp-container-2\">\n<div class=\"wp-block-column is-vertically-aligned-center is-layout-flow\" style=\"flex-basis:100%\"><ul class=\"wp-block-latest-posts__list is-grid columns-3 has-dates aligncenter wp-block-latest-posts has-medium-font-size\"><li><div class=\"wp-block-latest-posts__featured-image\"><a href=\"https:\/\/esm-nqn.infd.edu.ar\/sitio\/feliz-dia-profes\/\" aria-label=\"Feliz d\u00eda Profes!!!\"><img width=\"500\" height=\"500\" src=\"https:\/\/esm-nqn.infd.edu.ar\/sitio\/wp-content\/uploads\/2026\/04\/Educar-es-el-acto-mas-revolucionario-porque-forma-a-quienes-pueden-transformar-el-mundo-1-500x500.png\" class=\"attachment-thumbnail size-thumbnail wp-post-image\" alt=\"\" decoding=\"async\" loading=\"lazy\" style=\"\" \/><\/a><\/div><a class=\"wp-block-latest-posts__post-title\" href=\"https:\/\/esm-nqn.infd.edu.ar\/sitio\/feliz-dia-profes\/\">Feliz d\u00eda Profes!!!<\/a><time datetime=\"2026-04-16T23:46:25-03:00\" class=\"wp-block-latest-posts__post-date\">16 abril, 2026<\/time><div class=\"wp-block-latest-posts__post-excerpt\">Les deseamos un muy feliz d\u00eda a todxs lxs Profes de Neuqu\u00e9n y les recordamos que el viernes 17 de abril no hay clases por asueto.<\/div><\/li>\n<li><div class=\"wp-block-latest-posts__featured-image\"><a href=\"https:\/\/esm-nqn.infd.edu.ar\/sitio\/6658-2\/\" aria-label=\"(sin t\u00edtulo)\"><img width=\"500\" height=\"500\" src=\"https:\/\/esm-nqn.infd.edu.ar\/sitio\/wp-content\/uploads\/2026\/03\/Copia-de-NINES-1-1-500x500.png\" class=\"attachment-thumbnail size-thumbnail wp-post-image\" alt=\"\" decoding=\"async\" loading=\"lazy\" style=\"\" srcset=\"https:\/\/esm-nqn.infd.edu.ar\/sitio\/wp-content\/uploads\/2026\/03\/Copia-de-NINES-1-1-500x500.png 500w, https:\/\/esm-nqn.infd.edu.ar\/sitio\/wp-content\/uploads\/2026\/03\/Copia-de-NINES-1-1-1000x1000.png 1000w, https:\/\/esm-nqn.infd.edu.ar\/sitio\/wp-content\/uploads\/2026\/03\/Copia-de-NINES-1-1-768x768.png 768w, https:\/\/esm-nqn.infd.edu.ar\/sitio\/wp-content\/uploads\/2026\/03\/Copia-de-NINES-1-1.png 1080w\" sizes=\"(max-width: 500px) 100vw, 500px\" \/><\/a><\/div><a class=\"wp-block-latest-posts__post-title\" href=\"https:\/\/esm-nqn.infd.edu.ar\/sitio\/6658-2\/\">(sin t\u00edtulo)<\/a><time datetime=\"2026-03-26T10:50:52-03:00\" class=\"wp-block-latest-posts__post-date\">26 marzo, 2026<\/time><div class=\"wp-block-latest-posts__post-excerpt\">Atenci\u00f3n!!! Hay lugares para nivel ni\u00f1os\/as que tengan entre 8 y 10 a\u00f1os para los siguientes instrumentos OBOE- FLAUTA DULCE- FLAUTA TRAVERSA Y CELLO.Si te interesa ac\u00e9rcate a la preceptor\u00eda de 14 a 17:30.Les &#8230; <a title=\"\" class=\"read-more\" href=\"https:\/\/esm-nqn.infd.edu.ar\/sitio\/6658-2\/\" aria-label=\"More on \">[+]<\/a><\/div><\/li>\n<li><a class=\"wp-block-latest-posts__post-title\" href=\"https:\/\/esm-nqn.infd.edu.ar\/sitio\/nivel-fobam-6\/\">NIVEL FOBAM<\/a><time datetime=\"2026-02-12T08:30:38-03:00\" class=\"wp-block-latest-posts__post-date\">12 febrero, 2026<\/time><div class=\"wp-block-latest-posts__post-excerpt\">Inscripciones a mesas de examen del 10 al 12\/2 hasta las 18hs.<\/div><\/li>\n<li><a class=\"wp-block-latest-posts__post-title\" href=\"https:\/\/esm-nqn.infd.edu.ar\/sitio\/fobam-3\/\">FOBAM<\/a><time datetime=\"2026-02-10T11:20:54-03:00\" class=\"wp-block-latest-posts__post-date\">10 febrero, 2026<\/time><div class=\"wp-block-latest-posts__post-excerpt\">ESTE VIERNES SE REALIZARA UNA REUNION INFORMATIVA PARA QUIENES QUIERAN INGRESAR EN EL NIVEL FOBAM&#8230;LES ESPERAMOS<\/div><\/li>\n<li><div class=\"wp-block-latest-posts__featured-image\"><a href=\"https:\/\/esm-nqn.infd.edu.ar\/sitio\/clinica-taller\/\" aria-label=\"CL\u00cdNICA\/TALLER\"><img width=\"500\" height=\"500\" src=\"https:\/\/esm-nqn.infd.edu.ar\/sitio\/wp-content\/uploads\/2025\/09\/WhatsApp-Image-2025-09-19-at-11.52.59-500x500.jpeg\" class=\"attachment-thumbnail size-thumbnail wp-post-image\" alt=\"\" decoding=\"async\" loading=\"lazy\" style=\"\" srcset=\"https:\/\/esm-nqn.infd.edu.ar\/sitio\/wp-content\/uploads\/2025\/09\/WhatsApp-Image-2025-09-19-at-11.52.59-500x500.jpeg 500w, https:\/\/esm-nqn.infd.edu.ar\/sitio\/wp-content\/uploads\/2025\/09\/WhatsApp-Image-2025-09-19-at-11.52.59-1000x1000.jpeg 1000w, https:\/\/esm-nqn.infd.edu.ar\/sitio\/wp-content\/uploads\/2025\/09\/WhatsApp-Image-2025-09-19-at-11.52.59-768x768.jpeg 768w, https:\/\/esm-nqn.infd.edu.ar\/sitio\/wp-content\/uploads\/2025\/09\/WhatsApp-Image-2025-09-19-at-11.52.59.jpeg 1080w\" sizes=\"(max-width: 500px) 100vw, 500px\" \/><\/a><\/div><a class=\"wp-block-latest-posts__post-title\" href=\"https:\/\/esm-nqn.infd.edu.ar\/sitio\/clinica-taller\/\">CL\u00cdNICA\/TALLER<\/a><time datetime=\"2025-09-25T10:58:24-03:00\" class=\"wp-block-latest-posts__post-date\">25 septiembre, 2025<\/time><div class=\"wp-block-latest-posts__post-excerpt\">Queremos compartir con la comunidad educativa de la ESMN que el pasado 23 de agosto de este a\u00f1o hemos llevado adelante la actividad&nbsp;Encuentro Regional de Talleristas de M\u00fasica, que consisti\u00f3 en la realizaci\u00f3n de &#8230; <a title=\"CL\u00cdNICA\/TALLER\" class=\"read-more\" href=\"https:\/\/esm-nqn.infd.edu.ar\/sitio\/clinica-taller\/\" aria-label=\"More on CL\u00cdNICA\/TALLER\">[+]<\/a><\/div><\/li>\n<li><div class=\"wp-block-latest-posts__featured-image\"><a href=\"https:\/\/esm-nqn.infd.edu.ar\/sitio\/podran-cortar-todas-las-flores-pero-no-podran-detener-la-primavera\/\" aria-label=\"Podr\u00e1n cortar todas las flores, pero no podr\u00e1n detener la primavera.\"><img width=\"500\" height=\"500\" src=\"https:\/\/esm-nqn.infd.edu.ar\/sitio\/wp-content\/uploads\/2025\/09\/lapices-1-500x500.png\" class=\"attachment-thumbnail size-thumbnail wp-post-image\" alt=\"\" decoding=\"async\" loading=\"lazy\" style=\"\" srcset=\"https:\/\/esm-nqn.infd.edu.ar\/sitio\/wp-content\/uploads\/2025\/09\/lapices-1-500x500.png 500w, https:\/\/esm-nqn.infd.edu.ar\/sitio\/wp-content\/uploads\/2025\/09\/lapices-1-1000x1000.png 1000w, https:\/\/esm-nqn.infd.edu.ar\/sitio\/wp-content\/uploads\/2025\/09\/lapices-1-768x768.png 768w, https:\/\/esm-nqn.infd.edu.ar\/sitio\/wp-content\/uploads\/2025\/09\/lapices-1.png 1080w\" sizes=\"(max-width: 500px) 100vw, 500px\" \/><\/a><\/div><a class=\"wp-block-latest-posts__post-title\" href=\"https:\/\/esm-nqn.infd.edu.ar\/sitio\/podran-cortar-todas-las-flores-pero-no-podran-detener-la-primavera\/\">Podr\u00e1n cortar todas las flores, pero no podr\u00e1n detener la primavera.<\/a><time datetime=\"2025-09-16T11:42:55-03:00\" class=\"wp-block-latest-posts__post-date\">16 septiembre, 2025<\/time><div class=\"wp-block-latest-posts__post-excerpt\">El 16 de septiembre de 1976, \u201cLa Noche de los l\u00e1pices\u201d, fue un\u00a0momento, quiz\u00e1s\u00a0de los m\u00e1s tr\u00e1gicos, por la temprana edad de sus v\u00edctimas. La dictadura genocida instaurada el 24 de marzo de aquel &#8230; <a title=\"Podr\u00e1n cortar todas las flores, pero no podr\u00e1n detener la primavera.\" class=\"read-more\" href=\"https:\/\/esm-nqn.infd.edu.ar\/sitio\/podran-cortar-todas-las-flores-pero-no-podran-detener-la-primavera\/\" aria-label=\"More on Podr\u00e1n cortar todas las flores, pero no podr\u00e1n detener la primavera.\">[+]<\/a><\/div><\/li>\n<\/ul><\/div>\n<\/div>\n<\/div><\/div>\n<\/div>\n<\/div>\n","protected":false},"excerpt":{"rendered":"<p>Your browser does not support the video tag. https:\/\/drive.google.com\/drive\/folders\/1pGjRjE0hQV-z3fO4AwEVPxuTzL6LmHGp Cartelera de novedades<\/p>\n","protected":false},"author":393,"featured_media":0,"parent":286,"menu_order":1,"comment_status":"closed","ping_status":"closed","template":"","meta":[],"acf":[],"_links":{"self":[{"href":"https:\/\/esm-nqn.infd.edu.ar\/sitio\/wp-json\/wp\/v2\/pages\/2808"}],"collection":[{"href":"https:\/\/esm-nqn.infd.edu.ar\/sitio\/wp-json\/wp\/v2\/pages"}],"about":[{"href":"https:\/\/esm-nqn.infd.edu.ar\/sitio\/wp-json\/wp\/v2\/types\/page"}],"author":[{"embeddable":true,"href":"https:\/\/esm-nqn.infd.edu.ar\/sitio\/wp-json\/wp\/v2\/users\/393"}],"replies":[{"embeddable":true,"href":"https:\/\/esm-nqn.infd.edu.ar\/sitio\/wp-json\/wp\/v2\/comments?post=2808"}],"version-history":[{"count":93,"href":"https:\/\/esm-nqn.infd.edu.ar\/sitio\/wp-json\/wp\/v2\/pages\/2808\/revisions"}],"predecessor-version":[{"id":6647,"href":"https:\/\/esm-nqn.infd.edu.ar\/sitio\/wp-json\/wp\/v2\/pages\/2808\/revisions\/6647"}],"up":[{"embeddable":true,"href":"https:\/\/esm-nqn.infd.edu.ar\/sitio\/wp-json\/wp\/v2\/pages\/286"}],"wp:attachment":[{"href":"https:\/\/esm-nqn.infd.edu.ar\/sitio\/wp-json\/wp\/v2\/media?parent=2808"}],"curies":[{"name":"wp","href":"https:\/\/api.w.org\/{rel}","templated":true}]}}

FoBaM &#8211; Formación Básica Musical

<div class="container-wrapper-genially" style="position: relative; min-height: 400px; max-width: 100%;"><video class="loader-genially" autoplay="autoplay" loop="loop" playsinline="playsInline" muted="muted" style="position: absolute;top: 45%;left: 50%;transform: translate(-50%, -50%);width: 80px;height: 80px;margin-bottom: 10%"><source src="https://static.genial.ly/resources/loader-default.mp4" type="video/mp4">Your browser does not support the video tag.</video><div id="6542628e8651ab0012e0955e" class="genially-embed" style="margin: 0px auto; position: relative; height: auto; width: 100%;"></div></div><script>(function (d) { var js, id = "genially-embed-js", ref = d.getElementsByTagName("script")[0]; if (d.getElementById(id)) { return; } js = d.createElement("script"); js.id = id; js.async = true; js.src = "https://view.genial.ly/static/embed/embed.js"; ref.parentNode.insertBefore(js, ref); }(document));</script>



<hr class="wp-block-separator has-alpha-channel-opacity is-style-dots"/>



<figure class="wp-block-image size-medium is-resized"><img decoding="async" loading="lazy" src="https://esm-nqn.infd.edu.ar/sitio/wp-content/uploads/2023/09/Google-Classroom-Header-Art-1000x250.png" alt="" class="wp-image-5056" width="750" height="188" srcset="https://esm-nqn.infd.edu.ar/sitio/wp-content/uploads/2023/09/Google-Classroom-Header-Art-1000x250.png 1000w, https://esm-nqn.infd.edu.ar/sitio/wp-content/uploads/2023/09/Google-Classroom-Header-Art-1900x475.png 1900w, https://esm-nqn.infd.edu.ar/sitio/wp-content/uploads/2023/09/Google-Classroom-Header-Art-768x192.png 768w, https://esm-nqn.infd.edu.ar/sitio/wp-content/uploads/2023/09/Google-Classroom-Header-Art-1536x384.png 1536w, https://esm-nqn.infd.edu.ar/sitio/wp-content/uploads/2023/09/Google-Classroom-Header-Art.png 1920w" sizes="(max-width: 750px) 100vw, 750px" /></figure>



<p class="has-large-font-size"></p>



<p class="has-medium-font-size"><a href="https://drive.google.com/drive/folders/1pGjRjE0hQV-z3fO4AwEVPxuTzL6LmHGp">https://drive.google.com/drive/folders/1pGjRjE0hQV-z3fO4AwEVPxuTzL6LmHGp</a></p>



<hr class="wp-block-separator has-alpha-channel-opacity"/>



<h2 class="wp-block-heading has-text-align-center">Cartelera de novedades</h2>



<div class="wp-block-columns is-layout-flex wp-container-5">
<div class="wp-block-column is-layout-flow" style="flex-basis:100%">
<div class="wp-block-group has-small-font-size is-layout-constrained"><div class="wp-block-group__inner-container">
<div class="wp-block-columns are-vertically-aligned-center is-layout-flex wp-container-2">
<div class="wp-block-column is-vertically-aligned-center is-layout-flow" style="flex-basis:100%"><ul class="wp-block-latest-posts__list is-grid columns-3 has-dates aligncenter wp-block-latest-posts has-medium-font-size"><li><div class="wp-block-latest-posts__featured-image"><a href="https://esm-nqn.infd.edu.ar/sitio/feliz-dia-profes/" aria-label="Feliz día Profes!!!"><img width="500" height="500" src="https://esm-nqn.infd.edu.ar/sitio/wp-content/uploads/2026/04/Educar-es-el-acto-mas-revolucionario-porque-forma-a-quienes-pueden-transformar-el-mundo-1-500x500.png" class="attachment-thumbnail size-thumbnail wp-post-image" alt="" decoding="async" loading="lazy" style="" /></a></div><a class="wp-block-latest-posts__post-title" href="https://esm-nqn.infd.edu.ar/sitio/feliz-dia-profes/">Feliz día Profes!!!</a><time datetime="2026-04-16T23:46:25-03:00" class="wp-block-latest-posts__post-date">16 abril, 2026</time><div class="wp-block-latest-posts__post-excerpt">Les deseamos un muy feliz día a todxs lxs Profes de Neuquén y les recordamos que el viernes 17 de abril no hay clases por asueto.</div></li>
<li><div class="wp-block-latest-posts__featured-image"><a href="https://esm-nqn.infd.edu.ar/sitio/6658-2/" aria-label="(sin título)"><img width="500" height="500" src="https://esm-nqn.infd.edu.ar/sitio/wp-content/uploads/2026/03/Copia-de-NINES-1-1-500x500.png" class="attachment-thumbnail size-thumbnail wp-post-image" alt="" decoding="async" loading="lazy" style="" srcset="https://esm-nqn.infd.edu.ar/sitio/wp-content/uploads/2026/03/Copia-de-NINES-1-1-500x500.png 500w, https://esm-nqn.infd.edu.ar/sitio/wp-content/uploads/2026/03/Copia-de-NINES-1-1-1000x1000.png 1000w, https://esm-nqn.infd.edu.ar/sitio/wp-content/uploads/2026/03/Copia-de-NINES-1-1-768x768.png 768w, https://esm-nqn.infd.edu.ar/sitio/wp-content/uploads/2026/03/Copia-de-NINES-1-1.png 1080w" sizes="(max-width: 500px) 100vw, 500px" /></a></div><a class="wp-block-latest-posts__post-title" href="https://esm-nqn.infd.edu.ar/sitio/6658-2/">(sin título)</a><time datetime="2026-03-26T10:50:52-03:00" class="wp-block-latest-posts__post-date">26 marzo, 2026</time><div class="wp-block-latest-posts__post-excerpt">Atención!!! Hay lugares para nivel niños/as que tengan entre 8 y 10 años para los siguientes instrumentos OBOE- FLAUTA DULCE- FLAUTA TRAVERSA Y CELLO.Si te interesa acércate a la preceptoría de 14 a 17:30.Les &#8230; <a title="" class="read-more" href="https://esm-nqn.infd.edu.ar/sitio/6658-2/" aria-label="More on ">[+]</a></div></li>
<li><a class="wp-block-latest-posts__post-title" href="https://esm-nqn.infd.edu.ar/sitio/nivel-fobam-6/">NIVEL FOBAM</a><time datetime="2026-02-12T08:30:38-03:00" class="wp-block-latest-posts__post-date">12 febrero, 2026</time><div class="wp-block-latest-posts__post-excerpt">Inscripciones a mesas de examen del 10 al 12/2 hasta las 18hs.</div></li>
<li><a class="wp-block-latest-posts__post-title" href="https://esm-nqn.infd.edu.ar/sitio/fobam-3/">FOBAM</a><time datetime="2026-02-10T11:20:54-03:00" class="wp-block-latest-posts__post-date">10 febrero, 2026</time><div class="wp-block-latest-posts__post-excerpt">ESTE VIERNES SE REALIZARA UNA REUNION INFORMATIVA PARA QUIENES QUIERAN INGRESAR EN EL NIVEL FOBAM&#8230;LES ESPERAMOS</div></li>
<li><div class="wp-block-latest-posts__featured-image"><a href="https://esm-nqn.infd.edu.ar/sitio/clinica-taller/" aria-label="CLÍNICA/TALLER"><img width="500" height="500" src="https://esm-nqn.infd.edu.ar/sitio/wp-content/uploads/2025/09/WhatsApp-Image-2025-09-19-at-11.52.59-500x500.jpeg" class="attachment-thumbnail size-thumbnail wp-post-image" alt="" decoding="async" loading="lazy" style="" srcset="https://esm-nqn.infd.edu.ar/sitio/wp-content/uploads/2025/09/WhatsApp-Image-2025-09-19-at-11.52.59-500x500.jpeg 500w, https://esm-nqn.infd.edu.ar/sitio/wp-content/uploads/2025/09/WhatsApp-Image-2025-09-19-at-11.52.59-1000x1000.jpeg 1000w, https://esm-nqn.infd.edu.ar/sitio/wp-content/uploads/2025/09/WhatsApp-Image-2025-09-19-at-11.52.59-768x768.jpeg 768w, https://esm-nqn.infd.edu.ar/sitio/wp-content/uploads/2025/09/WhatsApp-Image-2025-09-19-at-11.52.59.jpeg 1080w" sizes="(max-width: 500px) 100vw, 500px" /></a></div><a class="wp-block-latest-posts__post-title" href="https://esm-nqn.infd.edu.ar/sitio/clinica-taller/">CLÍNICA/TALLER</a><time datetime="2025-09-25T10:58:24-03:00" class="wp-block-latest-posts__post-date">25 septiembre, 2025</time><div class="wp-block-latest-posts__post-excerpt">Queremos compartir con la comunidad educativa de la ESMN que el pasado 23 de agosto de este año hemos llevado adelante la actividad&nbsp;Encuentro Regional de Talleristas de Música, que consistió en la realización de &#8230; <a title="CLÍNICA/TALLER" class="read-more" href="https://esm-nqn.infd.edu.ar/sitio/clinica-taller/" aria-label="More on CLÍNICA/TALLER">[+]</a></div></li>
<li><div class="wp-block-latest-posts__featured-image"><a href="https://esm-nqn.infd.edu.ar/sitio/podran-cortar-todas-las-flores-pero-no-podran-detener-la-primavera/" aria-label="Podrán cortar todas las flores, pero no podrán detener la primavera."><img width="500" height="500" src="https://esm-nqn.infd.edu.ar/sitio/wp-content/uploads/2025/09/lapices-1-500x500.png" class="attachment-thumbnail size-thumbnail wp-post-image" alt="" decoding="async" loading="lazy" style="" srcset="https://esm-nqn.infd.edu.ar/sitio/wp-content/uploads/2025/09/lapices-1-500x500.png 500w, https://esm-nqn.infd.edu.ar/sitio/wp-content/uploads/2025/09/lapices-1-1000x1000.png 1000w, https://esm-nqn.infd.edu.ar/sitio/wp-content/uploads/2025/09/lapices-1-768x768.png 768w, https://esm-nqn.infd.edu.ar/sitio/wp-content/uploads/2025/09/lapices-1.png 1080w" sizes="(max-width: 500px) 100vw, 500px" /></a></div><a class="wp-block-latest-posts__post-title" href="https://esm-nqn.infd.edu.ar/sitio/podran-cortar-todas-las-flores-pero-no-podran-detener-la-primavera/">Podrán cortar todas las flores, pero no podrán detener la primavera.</a><time datetime="2025-09-16T11:42:55-03:00" class="wp-block-latest-posts__post-date">16 septiembre, 2025</time><div class="wp-block-latest-posts__post-excerpt">El 16 de septiembre de 1976, “La Noche de los lápices”, fue un momento, quizás de los más trágicos, por la temprana edad de sus víctimas. La dictadura genocida instaurada el 24 de marzo de aquel &#8230; <a title="Podrán cortar todas las flores, pero no podrán detener la primavera." class="read-more" href="https://esm-nqn.infd.edu.ar/sitio/podran-cortar-todas-las-flores-pero-no-podran-detener-la-primavera/" aria-label="More on Podrán cortar todas las flores, pero no podrán detener la primavera.">[+]</a></div></li>
</ul></div>
</div>
</div></div>
</div>
</div>
