{"id":2922,"date":"2021-09-22T12:13:10","date_gmt":"2021-09-22T15:13:10","guid":{"rendered":"https:\/\/esm-nqn.infd.edu.ar\/sitio\/?page_id=2922"},"modified":"2022-05-02T10:34:04","modified_gmt":"2022-05-02T13:34:04","slug":"secretaria-de-investigacion","status":"publish","type":"page","link":"https:\/\/esm-nqn.infd.edu.ar\/sitio\/inicio\/institucional\/secretaria-de-investigacion\/","title":{"rendered":"Secretaria de Investigaci\u00f3n"},"content":{"rendered":"\n<div class=\"wp-block-cover alignfull\"><img decoding=\"async\" loading=\"lazy\" width=\"1280\" height=\"720\" class=\"wp-block-cover__image-background wp-image-2800\" alt=\"\" src=\"https:\/\/esm-nqn.infd.edu.ar\/sitio\/wp-content\/uploads\/2021\/08\/acuarela-violeta-rotated.jpeg\" data-object-fit=\"cover\" srcset=\"https:\/\/esm-nqn.infd.edu.ar\/sitio\/wp-content\/uploads\/2021\/08\/acuarela-violeta-rotated.jpeg 1280w, https:\/\/esm-nqn.infd.edu.ar\/sitio\/wp-content\/uploads\/2021\/08\/acuarela-violeta-1000x563.jpeg 1000w, https:\/\/esm-nqn.infd.edu.ar\/sitio\/wp-content\/uploads\/2021\/08\/acuarela-violeta-768x432.jpeg 768w\" sizes=\"(max-width: 1280px) 100vw, 1280px\" \/><div class=\"wp-block-cover__inner-container\">\n<p class=\"has-text-align-center has-huge-font-size\"><a href=\"#ConvocatoriasVigentes\" data-type=\"internal\" data-id=\"#ConvocatoriasVigentes\"><img decoding=\"async\" loading=\"lazy\" width=\"204\" height=\"211\" class=\"wp-image-2968\" style=\"width: 150px;\" src=\"https:\/\/esm-nqn.infd.edu.ar\/sitio\/wp-content\/uploads\/2021\/10\/ConvVigentes.png\" alt=\"Convocatorias Vigentes\"><\/a>  <a href=\"#ProdenCurso\" data-type=\"internal\" data-id=\"#ProdenCurso\"><img decoding=\"async\" loading=\"lazy\" width=\"204\" height=\"212\" class=\"wp-image-2965\" style=\"width: 150px;\" src=\"https:\/\/esm-nqn.infd.edu.ar\/sitio\/wp-content\/uploads\/2021\/10\/ProdenCurso.png\" alt=\"\"><\/a>  <a href=\"#ProdPublicadas\"><img decoding=\"async\" loading=\"lazy\" width=\"204\" height=\"211\" class=\"wp-image-2966\" style=\"width: 150px;\" src=\"https:\/\/esm-nqn.infd.edu.ar\/sitio\/wp-content\/uploads\/2021\/10\/ProdPublicadas.png\" alt=\"\"><\/a>   <\/p>\n<\/div><\/div>\n\n\n\n<div class=\"wp-block-group alignwide has-background\" style=\"background-color:#573f70\"><div class=\"wp-block-group__inner-container is-layout-flow\">\n<p class=\"has-white-color has-text-color\">\u00bfCon qu\u00e9 haceres, decires y pensares construimos nuestras intervenciones educativas? \u00bfCon qu\u00e9 sentires?<br>Las y los docentes construimos conocimiento situado y relevante, articulamos perspectivas te\u00f3ricas o t\u00e9cnicas a situaciones concretas. Pensamos y repensamos nuestras hip\u00f3tesis de trabajo.<br>En un sentido amplio, la investigaci\u00f3n implica esta actitud cr\u00edtica y reflexiva y este \u201cescribir\u201d en el sentido de \u201cdejar huella\u201d de nuestra labor, abrir al intercambio nuestras ideas y construir en la pluralidad epist\u00e9mica.<\/p>\n\n\n\n<blockquote class=\"wp-block-quote has-text-align-center is-style-default\"><p><em><span class=\"has-inline-color has-white-color\">\u201cLa m\u00fasica no es el lenguaje universal, como el clich\u00e9 de la modernidad esgrime para ocultar el silenciamiento de muchos cantos por la imposici\u00f3n de algunas canciones. Sin embargo, la m\u00fasica ES universal en tanto es un rasgo espec\u00edfico de la especie humana, cuyas caracter\u00edsticas y desarrollo es dependiente de cada cultura. Esta universalidad entramada en las complejidades de las culturas se despliega sobre una inmensa diversidad de formas de conocer, sentir y estar en el mundo. El di\u00e1logo posible en esa diversidad se basa en una perspectiva epistemol\u00f3gica que lejos de ser universal en sus contenidos pueda articular todas esas formas en una din\u00e1mica&nbsp;<\/span><\/em><strong><span class=\"has-inline-color has-white-color\"><em>pluriversal<\/em><\/span><\/strong><em><span class=\"has-inline-color has-white-color\">\u201d<\/span><\/em><\/p><cite><span class=\"has-inline-color has-white-color\">Dr. Favio Shifres<\/span><\/cite><\/blockquote>\n<\/div><\/div>\n\n\n\n<div class=\"wp-block-buttons is-layout-flex\">\n<div class=\"wp-block-button is-style-outline\"><a class=\"wp-block-button__link no-border-radius\">Novedades de lnvestigaci\u00f3n<\/a><\/div>\n\n\n\n<div class=\"wp-block-button is-style-outline\"><a class=\"wp-block-button__link no-border-radius\" href=\"https:\/\/esm-nqn.infd.edu.ar\/sitio\/institucional\/\">volver a institucional<\/a><\/div>\n\n\n\n<div class=\"wp-block-button is-style-outline\"><a class=\"wp-block-button__link no-border-radius\" href=\"https:\/\/esm-nqn.infd.edu.ar\/sitio\">volver al inicio<\/a><\/div>\n<\/div>\n\n\n<ul class=\"wp-block-latest-posts__list is-grid columns-3 has-dates wp-block-latest-posts\"><li><div class=\"wp-block-latest-posts__featured-image\"><a href=\"https:\/\/esm-nqn.infd.edu.ar\/sitio\/subastas-2\/\" aria-label=\"SUBASTAS\"><img width=\"500\" height=\"500\" src=\"https:\/\/esm-nqn.infd.edu.ar\/sitio\/wp-content\/uploads\/2026\/04\/fobam-500x500.png\" class=\"attachment-thumbnail size-thumbnail wp-post-image\" alt=\"\" decoding=\"async\" loading=\"lazy\" style=\"\" srcset=\"https:\/\/esm-nqn.infd.edu.ar\/sitio\/wp-content\/uploads\/2026\/04\/fobam-500x500.png 500w, https:\/\/esm-nqn.infd.edu.ar\/sitio\/wp-content\/uploads\/2026\/04\/fobam-1000x1000.png 1000w, https:\/\/esm-nqn.infd.edu.ar\/sitio\/wp-content\/uploads\/2026\/04\/fobam-768x768.png 768w, https:\/\/esm-nqn.infd.edu.ar\/sitio\/wp-content\/uploads\/2026\/04\/fobam.png 1080w\" sizes=\"(max-width: 500px) 100vw, 500px\" \/><\/a><\/div><a class=\"wp-block-latest-posts__post-title\" href=\"https:\/\/esm-nqn.infd.edu.ar\/sitio\/subastas-2\/\">SUBASTAS<\/a><time datetime=\"2026-04-27T10:12:08-03:00\" class=\"wp-block-latest-posts__post-date\">27 abril, 2026<\/time><div class=\"wp-block-latest-posts__post-excerpt\">La subasta se realizara el Jueves 30\/4 a las 19hs en el hall de la escalera (frente a preceptor\u00eda fobam). Traer DNI Les dejamos el link para que veas que instrumentos est\u00e1n Vacantes<\/div><\/li>\n<li><div class=\"wp-block-latest-posts__featured-image\"><a href=\"https:\/\/esm-nqn.infd.edu.ar\/sitio\/feliz-dia-profes\/\" aria-label=\"Feliz d\u00eda Profes!!!\"><img width=\"500\" height=\"500\" src=\"https:\/\/esm-nqn.infd.edu.ar\/sitio\/wp-content\/uploads\/2026\/04\/Educar-es-el-acto-mas-revolucionario-porque-forma-a-quienes-pueden-transformar-el-mundo-1-500x500.png\" class=\"attachment-thumbnail size-thumbnail wp-post-image\" alt=\"\" decoding=\"async\" loading=\"lazy\" style=\"\" \/><\/a><\/div><a class=\"wp-block-latest-posts__post-title\" href=\"https:\/\/esm-nqn.infd.edu.ar\/sitio\/feliz-dia-profes\/\">Feliz d\u00eda Profes!!!<\/a><time datetime=\"2026-04-16T23:46:25-03:00\" class=\"wp-block-latest-posts__post-date\">16 abril, 2026<\/time><div class=\"wp-block-latest-posts__post-excerpt\">Les deseamos un muy feliz d\u00eda a todxs lxs Profes de Neuqu\u00e9n y les recordamos que el viernes 17 de abril no hay clases por asueto.<\/div><\/li>\n<li><div class=\"wp-block-latest-posts__featured-image\"><a href=\"https:\/\/esm-nqn.infd.edu.ar\/sitio\/vacantes-5\/\" aria-label=\"Vacantes\"><img width=\"500\" height=\"500\" src=\"https:\/\/esm-nqn.infd.edu.ar\/sitio\/wp-content\/uploads\/2026\/04\/Copia-de-NINES-3-500x500.png\" class=\"attachment-thumbnail size-thumbnail wp-post-image\" alt=\"\" decoding=\"async\" loading=\"lazy\" style=\"\" srcset=\"https:\/\/esm-nqn.infd.edu.ar\/sitio\/wp-content\/uploads\/2026\/04\/Copia-de-NINES-3-500x500.png 500w, https:\/\/esm-nqn.infd.edu.ar\/sitio\/wp-content\/uploads\/2026\/04\/Copia-de-NINES-3-1000x1000.png 1000w, https:\/\/esm-nqn.infd.edu.ar\/sitio\/wp-content\/uploads\/2026\/04\/Copia-de-NINES-3-768x768.png 768w, https:\/\/esm-nqn.infd.edu.ar\/sitio\/wp-content\/uploads\/2026\/04\/Copia-de-NINES-3.png 1080w\" sizes=\"(max-width: 500px) 100vw, 500px\" \/><\/a><\/div><a class=\"wp-block-latest-posts__post-title\" href=\"https:\/\/esm-nqn.infd.edu.ar\/sitio\/vacantes-5\/\">Vacantes<\/a><time datetime=\"2026-04-09T09:55:20-03:00\" class=\"wp-block-latest-posts__post-date\">9 abril, 2026<\/time><div class=\"wp-block-latest-posts__post-excerpt\"><\/div><\/li>\n<li><div class=\"wp-block-latest-posts__featured-image\"><a href=\"https:\/\/esm-nqn.infd.edu.ar\/sitio\/6658-2\/\" aria-label=\"(sin t\u00edtulo)\"><img width=\"500\" height=\"500\" src=\"https:\/\/esm-nqn.infd.edu.ar\/sitio\/wp-content\/uploads\/2026\/03\/Copia-de-NINES-1-1-500x500.png\" class=\"attachment-thumbnail size-thumbnail wp-post-image\" alt=\"\" decoding=\"async\" loading=\"lazy\" style=\"\" srcset=\"https:\/\/esm-nqn.infd.edu.ar\/sitio\/wp-content\/uploads\/2026\/03\/Copia-de-NINES-1-1-500x500.png 500w, https:\/\/esm-nqn.infd.edu.ar\/sitio\/wp-content\/uploads\/2026\/03\/Copia-de-NINES-1-1-1000x1000.png 1000w, https:\/\/esm-nqn.infd.edu.ar\/sitio\/wp-content\/uploads\/2026\/03\/Copia-de-NINES-1-1-768x768.png 768w, https:\/\/esm-nqn.infd.edu.ar\/sitio\/wp-content\/uploads\/2026\/03\/Copia-de-NINES-1-1.png 1080w\" sizes=\"(max-width: 500px) 100vw, 500px\" \/><\/a><\/div><a class=\"wp-block-latest-posts__post-title\" href=\"https:\/\/esm-nqn.infd.edu.ar\/sitio\/6658-2\/\">(sin t\u00edtulo)<\/a><time datetime=\"2026-03-26T10:50:52-03:00\" class=\"wp-block-latest-posts__post-date\">26 marzo, 2026<\/time><div class=\"wp-block-latest-posts__post-excerpt\">Atenci\u00f3n!!! Hay lugares para nivel ni\u00f1os\/as que tengan entre 8 y 10 a\u00f1os para los siguientes instrumentos OBOE- FLAUTA DULCE- FLAUTA TRAVERSA Y CELLO.Si te interesa ac\u00e9rcate a la preceptor\u00eda de 14 a 17:30.Les esperamos<\/div><\/li>\n<li><div class=\"wp-block-latest-posts__featured-image\"><a href=\"https:\/\/esm-nqn.infd.edu.ar\/sitio\/convocatoria-abierta-a-50-anos-del-golpe-civico-militar\/\" aria-label=\"Convocatoria abierta a 50 a\u00f1os del golpe c\u00edvico-militar.\"><img width=\"500\" height=\"500\" src=\"https:\/\/esm-nqn.infd.edu.ar\/sitio\/wp-content\/uploads\/2026\/03\/WhatsApp-Image-2026-03-17-at-22.02.45-1-500x500.jpeg\" class=\"attachment-thumbnail size-thumbnail wp-post-image\" alt=\"\" decoding=\"async\" loading=\"lazy\" style=\"\" srcset=\"https:\/\/esm-nqn.infd.edu.ar\/sitio\/wp-content\/uploads\/2026\/03\/WhatsApp-Image-2026-03-17-at-22.02.45-1-500x500.jpeg 500w, https:\/\/esm-nqn.infd.edu.ar\/sitio\/wp-content\/uploads\/2026\/03\/WhatsApp-Image-2026-03-17-at-22.02.45-1-1000x1000.jpeg 1000w, https:\/\/esm-nqn.infd.edu.ar\/sitio\/wp-content\/uploads\/2026\/03\/WhatsApp-Image-2026-03-17-at-22.02.45-1-768x768.jpeg 768w, https:\/\/esm-nqn.infd.edu.ar\/sitio\/wp-content\/uploads\/2026\/03\/WhatsApp-Image-2026-03-17-at-22.02.45-1.jpeg 1500w\" sizes=\"(max-width: 500px) 100vw, 500px\" \/><\/a><\/div><a class=\"wp-block-latest-posts__post-title\" href=\"https:\/\/esm-nqn.infd.edu.ar\/sitio\/convocatoria-abierta-a-50-anos-del-golpe-civico-militar\/\">Convocatoria abierta a 50 a\u00f1os del golpe c\u00edvico-militar.<\/a><time datetime=\"2026-03-18T10:50:16-03:00\" class=\"wp-block-latest-posts__post-date\">18 marzo, 2026<\/time><div class=\"wp-block-latest-posts__post-excerpt\">Acompa\u00f1aremos las actividades del d\u00eda de la Memoria por la Verdad y la Justicia en Neuqu\u00e9n aportando arte en colectivo.El 24 de marzo de 16 a 18hs en jornada art\u00edstica, nos sumamos a la construcci\u00f3n colectiva y cotidiana de la memoria en clave presente.Organizado por docentes y estudiantes de la Escuela Superior de M\u00fasica de &#8230; <a title=\"Convocatoria abierta a 50 a\u00f1os del golpe c\u00edvico-militar.\" class=\"read-more\" href=\"https:\/\/esm-nqn.infd.edu.ar\/sitio\/convocatoria-abierta-a-50-anos-del-golpe-civico-militar\/\" aria-label=\"More on Convocatoria abierta a 50 a\u00f1os del golpe c\u00edvico-militar.\">[+]<\/a><\/div><\/li>\n<\/ul>\n\n\n<hr class=\"wp-block-separator\"\/>\n\n\n\n<h2 class=\"wp-block-heading\" id=\"ConvocatoriasVigentes\">Convocatorias Vigentes<\/h2>\n\n\n\n<ol><li>Convocatoria para publicaci\u00f3n<\/li><\/ol>\n\n\n\n<p>Las y los profes de la Escuela de M\u00fasica estamos recopilando escritos sobre nuestras experiencias y reflexiones provenientes de nuestra tarea de formadores y formadoras de profes de m\u00fasica.<\/p>\n\n\n\n<p>El saber acumulado es un insumo significativo para quienes inician este camino de pensar y sostener el acercamiento y los aprendizajes en relaci\u00f3n a la m\u00fasica.<\/p>\n\n\n\n<p>En esta publicaci\u00f3n se compilar\u00e1n actividades, reflexiones y experiencias de las y los profes de la Escuela Superior de M\u00fasica de Neuqu\u00e9n, acerca de los procesos de ense\u00f1anza y aprendizaje en la formaci\u00f3n de profesorxs de m\u00fasica.<\/p>\n\n\n\n<p>Ser\u00e1n publicadas en un compilado que ser\u00e1 difundido entre estudiantes y docentes noveles, y ser\u00e1 accesible a quien se interese por estas tem\u00e1ticas.<\/p>\n\n\n\n<ol start=\"2\"><li>Equipos y l\u00edneas de investigaci\u00f3n en trabajo actualmente<\/li><\/ol>\n\n\n\n<figure class=\"wp-block-image size-large is-resized\"><img decoding=\"async\" loading=\"lazy\" src=\"https:\/\/esm-nqn.infd.edu.ar\/sitio\/wp-content\/uploads\/2021\/09\/Lineas-de-investigacion.png\" alt=\"\" class=\"wp-image-2928\" width=\"694\" height=\"520\"\/><\/figure>\n\n\n\n<p>Los equipos est\u00e1n abiertos a recibir nuevos integrantes.<\/p>\n\n\n\n<hr class=\"wp-block-separator\"\/>\n\n\n\n<h2 class=\"wp-block-heading\" id=\"ProdenCurso\">Producci\u00f3nes te\u00f3ricas en curso<\/h2>\n\n\n\n<p><\/p>\n\n\n\n<p><\/p>\n\n\n\n<p><\/p>\n\n\n\n<hr class=\"wp-block-separator\"\/>\n\n\n\n<h2 class=\"wp-block-heading\" id=\"ProdPublicadas\">Producciones publicadas<\/h2>\n\n\n\n<div class=\"wp-block-cover has-background-dim has-background-gradient has-very-light-gray-to-cyan-bluish-gray-gradient-background\" style=\"min-height:312px\" id=\"Publicadas\"><div class=\"wp-block-cover__inner-container\">\n<ul class=\"has-medium-font-size\"><li><a href=\"#2018\" data-type=\"internal\" data-id=\"#2018\">Usos institucionales de la diversidad\/desigualdad musical en el acceso al profesorado de m\u00fasica: el \u201cciclo facilitador\u201d (2018)<\/a><\/li><li><a href=\"#2017\" data-type=\"internal\" data-id=\"#2017\">\u00abTrayectorias Musicales y Din\u00e1micas Institucionales\u00bb Aportes para su examen. (2017)<\/a><\/li><li><a href=\"#2013\" data-type=\"internal\" data-id=\"#2013\">Las trayectorias formativas de los futuros docentes de m\u00fasica: la tensi\u00f3n entre el conocimiento disciplinar y el conocimiento pedag\u00f3gico (2013)<\/a><\/li><li><a href=\"#2010\" data-type=\"internal\" data-id=\"#2010\">\u201cInstituciones musicales desde una perspectiva de g\u00e9nero: m\u00e1s de cuarenta a\u00f1os de la Escuela Superior de M\u00fasica del Neuqu\u00e9n.\u201d (2010)<\/a><\/li><\/ul>\n<\/div><\/div>\n\n\n\n<div id=\"2018\" class=\"wp-block-group\"><div class=\"wp-block-group__inner-container is-layout-flow\">\n<p><strong>\u00abUsos institucionales de la diversidad\/desigualdad musical en el acceso al profesorado de m\u00fasica: el \u201cciclo facilitador\u201d<\/strong> (2018)<\/p>\n\n\n\n<p>Ochoa, N. Zuccoli, V. Flores, M.<\/p>\n\n\n\n<p>Trabajo presentado en el VII Congreso Nacional y V Internacional de INVESTIGACI\u00d3N EDUCATIVA. Facultad de Ciencias de la Educaci\u00f3n &#8211; Universidad Nacional del Comahue Rep\u00fablica Argentina<\/p>\n<\/div><\/div>\n\n\n\n<div id=\"2017\" class=\"wp-block-group\"><div class=\"wp-block-group__inner-container is-layout-flow\">\n<p><strong>\u00abTrayectorias Musicales y Din\u00e1micas Institucionales\u00bb Aportes para su examen<\/strong>. (2017)<\/p>\n\n\n\n<p>Marta Flores (comp) Claudio Contreras Alejandro Rambeaud, Magdalena Zapiola Luciana Scarpecci, Annabella Spinaci, Carmen Senger<\/p>\n\n\n\n<p>(Contratapa) El presente volumen aborda de manera central las trayectorias formativas y profesionales del m\u00fasico y el di\u00e1logo que se establece entre aquellas y las instituciones de formaci\u00f3n del profesorado. Examinamos los procesos de ense\u00f1anza-aprendizaje en la carrera docente musical, para visibilizar, tanto las diversas experiencias est\u00e9ticas formativas de los y las estudiantes, como la tensi\u00f3n que se establece entre las materias \u00abespec\u00edficas\u00bb (t\u00e9cnico musicales) y Ias llamadas de \u00abformaci\u00f3n pedag\u00f3gica\u00bb. Nos ha interesado tambi\u00e9n la pr\u00e1ctica profesional del m\u00fasico y las dificultades que sufren sus protagonistas en un circuito musical subalterno. Resultar\u00e1, seguramente, de inter\u00e9s un aspecto no tocado del aula de m\u00fasica neuquina: un estudio cr\u00edtico de la canci\u00f3n oficial provincial (\u00abNeuqu\u00e9n Trabun Mapu\u00bb, voces mapuche para \u201cNeuqu\u00e9n tierra de encuentro\u201d) que esconde, tras una fachada de inclusi\u00f3n, una perspectiva evolucionista de la cultura. Por \u00faltimo, un trabajo sobre la ense\u00f1anza de la m\u00fasica en el contexto de Educaci\u00f3n Especial y la elaboraci\u00f3n de estrategias did\u00e1cticas en orden a generar la expresi\u00f3n musical de ni\u00f1os y ni\u00f1as \u00abcognitivamente diferentes\u00bb, seg\u00fan la expresi\u00f3n de la autora.<\/p>\n<\/div><\/div>\n\n\n\n<div id=\"2013\" class=\"wp-block-group\"><div class=\"wp-block-group__inner-container is-layout-flow\">\n<p>\u201c<strong>Las trayectorias formativas de los futuros docentes de m\u00fasica: la tensi\u00f3n entre el conocimiento disciplinar y el conocimiento pedag\u00f3gico\u201d<\/strong> (2013)<\/p>\n\n\n\n<p>Es una investigaci\u00f3n producida en el marco de una convocatoria del INFoD. El equipo estaba conformado por Luciana Scarpecci, Anabella Spinaci, Pablo Cambeiro, Katia L\u00f3pez y Dar\u00edo Soto. Y tuvo como sede la Escuela Superior de M\u00fasica de Neuqu\u00e9n<\/p>\n<\/div><\/div>\n\n\n\n<div id=\"2010\" class=\"wp-block-group\"><div class=\"wp-block-group__inner-container is-layout-flow\">\n<p>\u201c<strong>Instituciones musicales desde una perspectiva de g\u00e9nero: m\u00e1s de cuarenta a\u00f1os de la Escuela Superior de M\u00fasica del Neuqu\u00e9n<\/strong>.\u201d (2010)<\/p>\n\n\n\n<p>Flores, Marta<\/p>\n\n\n\n<p>4as. Jornadas de Historia de la Patagonia, Santa Rosa (La Pampa) 2010. MESA TEM\u00c1TICA: Las mujeres en la Patagonia: historias y representaciones desde S. XVIII hasta nuestros d\u00edas.<\/p>\n<\/div><\/div>\n\n\n\n<p><\/p>\n","protected":false},"excerpt":{"rendered":"<p>\u00bfCon qu\u00e9 haceres, decires y pensares construimos nuestras intervenciones educativas? \u00bfCon qu\u00e9 sentires?Las y los docentes construimos conocimiento situado y relevante, articulamos perspectivas te\u00f3ricas o t\u00e9cnicas a situaciones concretas. Pensamos y repensamos nuestras hip\u00f3tesis de trabajo.En un sentido amplio, la investigaci\u00f3n implica esta actitud cr\u00edtica y reflexiva y este \u201cescribir\u201d en el sentido de \u201cdejar &#8230; <a title=\"Secretaria de Investigaci\u00f3n\" class=\"read-more\" href=\"https:\/\/esm-nqn.infd.edu.ar\/sitio\/inicio\/institucional\/secretaria-de-investigacion\/\" aria-label=\"More on Secretaria de Investigaci\u00f3n\">[+]<\/a><\/p>\n","protected":false},"author":393,"featured_media":0,"parent":2407,"menu_order":2,"comment_status":"closed","ping_status":"closed","template":"","meta":[],"acf":[],"_links":{"self":[{"href":"https:\/\/esm-nqn.infd.edu.ar\/sitio\/wp-json\/wp\/v2\/pages\/2922"}],"collection":[{"href":"https:\/\/esm-nqn.infd.edu.ar\/sitio\/wp-json\/wp\/v2\/pages"}],"about":[{"href":"https:\/\/esm-nqn.infd.edu.ar\/sitio\/wp-json\/wp\/v2\/types\/page"}],"author":[{"embeddable":true,"href":"https:\/\/esm-nqn.infd.edu.ar\/sitio\/wp-json\/wp\/v2\/users\/393"}],"replies":[{"embeddable":true,"href":"https:\/\/esm-nqn.infd.edu.ar\/sitio\/wp-json\/wp\/v2\/comments?post=2922"}],"version-history":[{"count":17,"href":"https:\/\/esm-nqn.infd.edu.ar\/sitio\/wp-json\/wp\/v2\/pages\/2922\/revisions"}],"predecessor-version":[{"id":3546,"href":"https:\/\/esm-nqn.infd.edu.ar\/sitio\/wp-json\/wp\/v2\/pages\/2922\/revisions\/3546"}],"up":[{"embeddable":true,"href":"https:\/\/esm-nqn.infd.edu.ar\/sitio\/wp-json\/wp\/v2\/pages\/2407"}],"wp:attachment":[{"href":"https:\/\/esm-nqn.infd.edu.ar\/sitio\/wp-json\/wp\/v2\/media?parent=2922"}],"curies":[{"name":"wp","href":"https:\/\/api.w.org\/{rel}","templated":true}]}}