{"id":6018,"date":"2024-11-26T10:57:08","date_gmt":"2024-11-26T13:57:08","guid":{"rendered":"https:\/\/esm-nqn.infd.edu.ar\/sitio\/?page_id=6018"},"modified":"2026-03-06T11:09:05","modified_gmt":"2026-03-06T14:09:05","slug":"6018-2","status":"publish","type":"page","link":"https:\/\/esm-nqn.infd.edu.ar\/sitio\/6018-2\/","title":{"rendered":"TERCIARIO"},"content":{"rendered":"\n<p class=\"has-text-align-center has-large-font-size\"><strong>Profesorados<\/strong><\/p>\n\n\n\n<p class=\"has-medium-font-size\">Para ingresar a todos los profesorados se debe cursar el <strong>PreGrado<\/strong> el cual es un nivel proped\u00e9utico de acreditaci\u00f3n obligatoria y tiene  un a\u00f1o de duraci\u00f3n. Se puede cursar paralelamente al \u00faltimo a\u00f1o del secundario.<\/p>\n\n\n\n<p> Se trata de carreras con una duraci\u00f3n de cuatro a\u00f1os.<br> <strong>Profesorados con Titulaci\u00f3n de Validez Nacional y Competencias Docentes en el CPE<\/strong>.<br>\u2022 Plan 662 Profesorado de M\u00fasica.<br>\u2022 Plan 662\/Letra A a la Q Profesorado de M\u00fasica con orientaci\u00f3n en Instrumento.<br>\u2022 Plan 663 Profesorado de M\u00fasica con orientaci\u00f3n en Direcci\u00f3n Coral.<br>\u2022 Plan 664 Profesorado de M\u00fasica con orientaci\u00f3n en Canto.<br>\u2022 Plan 665 Profesorado de M\u00fasica con orientaci\u00f3n en Direcci\u00f3n Orquestal.<br>\u2022 Plan 666 Profesorado de M\u00fasica con orientaci\u00f3n de Composici\u00f3n.<br><strong>Especialidades: Trayectorias Musicales no Docentes &#8211; T\u00edtulo sin competencias en CPE.<\/strong><br>\u2022 Plan 389 &#8211; Cantante<br>\u2022 Plan 390 &#8211; Compositor<br>\u2022 Plan 391 &#8211; Director Coral<br>\u2022 Plan 392 &#8211; Direcci\u00f3n Orquestal<br>\u2022 Plan 393 &#8211; Instrumentista<br><\/p>\n\n\n\n<p class=\"has-large-font-size\"><strong>Ante cualquier consulta, consultar a los siguientes emails:<\/strong><br><\/p>\n\n\n\n<p class=\"has-medium-font-size\">\u2022 Para Plan 662 &#8211; Profesorado de M\u00fasica y PreGrado<\/p>\n\n\n\n<p><a href=\"mailto:esmn.pregrado@gmail.com\">esmn.pregrado@gmail.com<\/a><\/p>\n\n\n\n<p>\u2022 Para Plan 662 (A &#8211; Q) Profesorados con orientaci\u00f3n en Instrumento<\/p>\n\n\n\n<p><a href=\"mailto:especialidadesesmn@gmail.com\">especialidadesesmn@gmail.com<\/a><\/p>\n\n\n\n<p>\u2022 Para Plan 664 Profesorados con orientaci\u00f3n en Canto<\/p>\n\n\n\n<p><a href=\"mailto:areadecanto@gmail.com\">areadecanto@gmail.com<\/a><\/p>\n\n\n\n<p>\u2022 Para Planes 663, 665 y 666 Profesorados con orientaci\u00f3n en Direcci\u00f3n Coral, Direcci\u00f3n Orquestal y Composici\u00f3n + Trayectorias Musicales No Docentes.<\/p>\n\n\n\n<p><a href=\"mailto:especialidadesesmn@gmail.com\">especialidadesesmn@gmail.com<\/a><\/p>\n","protected":false},"excerpt":{"rendered":"<p>Profesorados Para ingresar a todos los profesorados se debe cursar el PreGrado el cual es un nivel proped\u00e9utico de acreditaci\u00f3n obligatoria y tiene un a\u00f1o de duraci\u00f3n. Se puede cursar paralelamente al \u00faltimo a\u00f1o del secundario. Se trata de carreras con una duraci\u00f3n de cuatro a\u00f1os. Profesorados con Titulaci\u00f3n de Validez Nacional y Competencias Docentes &#8230; <a title=\"TERCIARIO\" class=\"read-more\" href=\"https:\/\/esm-nqn.infd.edu.ar\/sitio\/6018-2\/\" aria-label=\"More on TERCIARIO\">[+]<\/a><\/p>\n","protected":false},"author":1956,"featured_media":0,"parent":0,"menu_order":0,"comment_status":"closed","ping_status":"closed","template":"","meta":[],"acf":[],"_links":{"self":[{"href":"https:\/\/esm-nqn.infd.edu.ar\/sitio\/wp-json\/wp\/v2\/pages\/6018"}],"collection":[{"href":"https:\/\/esm-nqn.infd.edu.ar\/sitio\/wp-json\/wp\/v2\/pages"}],"about":[{"href":"https:\/\/esm-nqn.infd.edu.ar\/sitio\/wp-json\/wp\/v2\/types\/page"}],"author":[{"embeddable":true,"href":"https:\/\/esm-nqn.infd.edu.ar\/sitio\/wp-json\/wp\/v2\/users\/1956"}],"replies":[{"embeddable":true,"href":"https:\/\/esm-nqn.infd.edu.ar\/sitio\/wp-json\/wp\/v2\/comments?post=6018"}],"version-history":[{"count":23,"href":"https:\/\/esm-nqn.infd.edu.ar\/sitio\/wp-json\/wp\/v2\/pages\/6018\/revisions"}],"predecessor-version":[{"id":6642,"href":"https:\/\/esm-nqn.infd.edu.ar\/sitio\/wp-json\/wp\/v2\/pages\/6018\/revisions\/6642"}],"wp:attachment":[{"href":"https:\/\/esm-nqn.infd.edu.ar\/sitio\/wp-json\/wp\/v2\/media?parent=6018"}],"curies":[{"name":"wp","href":"https:\/\/api.w.org\/{rel}","templated":true}]}}