{"id":771,"date":"2018-08-31T12:49:34","date_gmt":"2018-08-31T15:49:34","guid":{"rendered":"https:\/\/esm-nqn.infd.edu.ar\/sitio\/nivel-ninos\/"},"modified":"2022-05-11T14:21:17","modified_gmt":"2022-05-11T17:21:17","slug":"nivel-ninos","status":"publish","type":"page","link":"https:\/\/esm-nqn.infd.edu.ar\/sitio\/nivel-ninos\/","title":{"rendered":"Nivel Ni\u00f1os y Ni\u00f1as"},"content":{"rendered":"<pre style=\"text-align: right;\">\u00a0<\/pre>\n<pre style=\"text-align: right;\"><strong><br \/><br \/><br \/><br \/><br \/><br \/><br \/><br \/><br \/><br \/><br \/><\/strong><br \/><br \/><br \/><strong><br \/><br \/><br \/><br \/><br \/><br \/><br \/><\/strong><strong><br \/><br \/><br \/><br \/><\/strong><\/pre>\n<div class=\"gmail_default\">\n<div class=\"tiny_personalizado text_overflow\">\u00a0<\/div>\n<h3 style=\"text-align: center;\"><span style=\"color: #ff0000;\">Recordamos:<\/span><\/h3>\n<h3 style=\"text-align: center;\"><span style=\"color: #ff0000;\">Ma\u00f1ana Jueves 12 de mayo, no hay clases, ya que hay Jornada Institucional<\/span><\/h3>\n<h3 style=\"text-align: center;\"><strong>Inscripci\u00f3n abierta a ensambles Nivel Ni\u00f1a\/os<\/strong><\/h3>\n<h5><strong>A partir de este lunes 28 de marzo se encuentra abierta la inscripci\u00f3n para formar parte de los Ensambles de Violines, Flautas Traversas y Violoncellos del Nivel Ni\u00f1os y Ni\u00f1as de la Escuela de M\u00fasica. <\/strong><\/h5>\n<h5><strong>Los ensambles son abiertos a cualquier ni\u00f1o o ni\u00f1a que estudie alguno de los instrumentos mencionados, ya sea que estudie en la escuela superior de m\u00fasica o en forma particular.<\/strong><br \/><strong>El \u00f9nico requisito obligatorio para participar es que est\u00e8 tomando clases del instrumento con el que va a participar de ensamble y tener su instrumento propio.<\/strong><\/h5>\n<\/div>\n<h5 class=\"gmail_default\">INSCRIPCI\u00d2N AL ENSAMBLE DE FLAUTAS TRAVERSAS \u00a0<\/h5>\n<h5 class=\"gmail_default\">FUNCIONA LOS JUEVES DE 15 A 16.30HS<\/h5>\n<h5 class=\"gmail_default\">\u00a0<a href=\"https:\/\/forms.gle\/xvYWxwa1MtcxqVcz6\">https:\/\/forms.gle\/xvYWxwa1MtcxqVcz6<\/a><\/h5>\n<div class=\"gmail_default\">\u00a0<\/div>\n<h5 class=\"gmail_default\">\u00a0INSCRIPCI\u00d3N A ENSAMBLE DE VIOLINES: FUNCIONA LOS MARTES DE 18 A 19HS<br \/>\u00a0<a href=\"https:\/\/forms.gle\/5a3FcvFhyA4r624ZA\">https:\/\/forms.gle\/5a3FcvFhyA4r624ZA<\/a><\/h5>\n<h5 class=\"gmail_default\">INSCRIPCI\u00d3N A ENSAMBLE DE VIOLONCELLOS: FUNCIONA LOS MARTES DE 18 A 19HS<\/h5>\n<h5><a href=\"https:\/\/forms.gle\/oud8mwjkkG7kSXhLA\">https:\/\/forms.gle\/oud8mwjkkG7kSXhLA<\/a><\/h5>\n<div class=\"gmail_default\">\n<h4>\u00a0<\/h4>\n<\/div>\n<h3 class=\"block-editor-block-list__layout is-root-container\" style=\"text-align: center;\">\u00a0<\/h3>\n<div class=\"block-editor-block-list__layout is-root-container\">\n<h3 id=\"block-8c2b1050-bec2-4d69-96cd-97680aa4b350\" class=\"block-editor-rich-text__editable block-editor-block-list__block wp-block rich-text\" tabindex=\"0\" role=\"group\" contenteditable=\"true\" aria-multiline=\"true\" aria-label=\"Bloque de p\u00e1rrafo\" data-block=\"8c2b1050-bec2-4d69-96cd-97680aa4b350\" data-type=\"core\/paragraph\" data-title=\"P\u00e1rrafo\">\u00a0<\/h3>\n<\/div>\n<p><strong>\u00a0 \u00a0 \u00a0 \u00a0 \u00a0 \u00a0 \u00a0 \u00a0 \u00a0<\/strong><\/p>\n<h1><span style=\"font-size: x-large; font-family: verdana, geneva;\"><span style=\"color: #ff0000;\">\u00d8\u00a0\u00a0<\/span><\/span><span style=\"font-size: x-large; font-family: verdana, geneva;\"><span style=\"color: #ff0000;\"><strong>NIVEL NI\u00d1O\/AS: de 6 a 12 a\u00f1os (Plan de estudio N\u00ba 668)<\/strong><\/span><\/span><\/h1>\n<h3>Est\u00e1 destinado a ni\u00f1a\/os en edad de escolaridad primaria a partir del 1\u00ba grado y funciona en los turnos ma\u00f1ana y tarde a contra turno de la escuela primaria obligatoria.<\/h3>\n<h3>Titulo: Certificaci\u00f3n de aprobaci\u00f3n nivel ni\u00f1os y pase a nivel Fobam<\/h3>\n<h3><span style=\"color: #ff6600;\"><em><strong>Preinscripci\u00f2n en febrero de cada a\u00f1o,la misma sera online mediante formulario de inscripcion, en el turno que asistir\u00e1 (a contra turno de la escuela primaria):<\/strong><\/em><\/span><\/h3>\n<p><strong>turno ma\u00f1ana de 9.00 hs a 12.00 hs<\/strong><\/p>\n<p><strong>turno tarde de 14.00 hs a 17.00 hs\u00a0<\/strong><span style=\"font-family: verdana, geneva; font-size: 10pt;\"><span style=\"color: #0000ff;\">\u00a0 \u00a0<\/span><\/span><\/p>\n<h4><span style=\"color: #ff00ff;\">TALLER DE 6 A\u00d1OS\u00a0&#8211; 1\u00ba grado &#8211; \u00abTALLER DE EXPERIMENTACI\u00d3N CORPORAL Y MUSICAL I\u00bb<\/span><\/h4>\n<p>La propuesta de este taller consiste en acercar a ni\u00f1os y ni\u00f1as al mundo de la m\u00fasica a trav\u00e9s de la exploraci\u00f3n, el juego y el movimiento, despertando y desarrollando sus capacidades de percepci\u00f3n y su sensibilidad expresiva. Las actividades que se abordan en el taller son dise\u00f1adas por la profesora de danza Yanina Fabbri, el profesor de percusi\u00f3n Jhosua Rava y la profesora de m\u00fasica Silvina Covicchi, en las mismas se prioriza la percepci\u00f3n auditiva, el movimiento y la expresi\u00f3n musical.<\/p>\n<h4><em><strong><span style=\"color: #000000;\">\u00a0A partir del Taller de 7 a\u00f1os (2do grado de escuela primaria), se suma una clase semanal de instrumento, por lo cual eligen un instrumento.<\/span><\/strong><\/em><\/h4>\n<h4><strong><span style=\"color: #ff00ff;\">TALLER DE 7 A\u00d1OS- 2\u00ba grado -\u00abTALLER DE EXPERIMENTACI\u00d3N CORPORAL Y MUSICAL II\u00bb<\/span><\/strong><\/h4>\n<p>La propuesta de este taller consiste en acercar a ni\u00f1os y ni\u00f1as al mundo de la m\u00fasica a trav\u00e9s de la exploraci\u00f3n, el juego y el movimiento, despertando y desarrollando sus capacidades de percepci\u00f3n y su sensibilidad expresiva. Las actividades que se abordan en el taller son dise\u00f1adas por la profesora de danza Yanina Fabbri, el profesor de percusi\u00f3n Joshua Rava y el profesor\/a de m\u00fasica Natalia Boselli, en las mismas se prioriza la percepci\u00f3n auditiva, el movimiento y la expresi\u00f3n musical. Tambi\u00e9n se van apropiando los contenidos musicales a partir del hacer m\u00fasica.<\/p>\n<p>CLASE de INSTRUMENTO semanal (este horario se proporcionar\u00e1 a partir de la 2da quincena de febrero 2022)<br \/>Un instrumento musical es un medio de expresi\u00f3n que se extiende por fuera del cuerpo y permite transmitir a trav\u00e9s de \u00e9l, los sentimientos de cada uno. Para aquellos que se acercan a la m\u00fasica a trav\u00e9s de un instrumento, \u00e9ste les brinda la posibilidad de crear sonidos que con el correr del tiempo aprender\u00e1n a pulir y moldear hasta darles su propia personalidad.<\/p>\n<h4><span style=\"color: #ff00ff;\">TALLER DE 8 A\u00d1OS- 3\u00ba grado -Taller Musical para ni\u00f1os y ni\u00f1as de 8 a\u00f1os<\/span><\/h4>\n<p><span style=\"color: #000000;\">En la pr\u00e1ctica musical los ni\u00f1os y las ni\u00f1as aprenden no s\u00f3lo a generar saberes intelectuales sino a fortalecer la sensibilidad e imaginaci\u00f3n, \u00a0a ponerse en el lugar del otro, a respetar su \u201ctempo\u201d y el de los dem\u00e1s, a esperar, a escuchar, a trabajar en grupo, a valorar el aporte de cada uno de sus miembros y a unirse para lograr una meta com\u00fan: Ensamblar, hacer m\u00fasica juntas\/os.<\/span><\/p>\n<p><span style=\"color: #000000;\">CLASE de INSTRUMENTO semanal (este horario se proporcionar\u00e1 a partir de la 2da quincena de febrero 2022)<\/span><br \/><span style=\"color: #000000;\">Un instrumento musical es un medio de expresi\u00f3n que se extiende por fuera del cuerpo y permite transmitir a trav\u00e9s de \u00e9l, los sentimientos de cada uno. Para aquellos que se acercan a la m\u00fasica a trav\u00e9s de un instrumento musical, \u00e9ste les brinda la posibilidad de crear sonidos que con el correr del tiempo aprender\u00e1n a pulir y moldear hasta darles su propia personalidad.<\/span><\/p>\n<h4><span style=\"color: #ff00ff;\">TALLER DE 9 A\u00d1OS- 4\u00ba grado &#8211;\u00a0TALLER MUSICAL PARA NI\u00d1OS Y NI\u00d1AS DE 9 A\u00d1OS (4TO GRADO)<\/span><\/h4>\n<p><span style=\"color: #000000;\">El aprendizaje de la m\u00fasica es un proceso cognitivo y constructivo en el que intervienen la percepci\u00f3n, la imaginaci\u00f3n, la memoria, la atenci\u00f3n y la motivaci\u00f3n. En la pr\u00e1ctica musical los ni\u00f1os y las ni\u00f1as aprenden a ponerse en el lugar del otro, a respetar su \u201ctempo\u201d y el de los dem\u00e1s, a esperar, a escuchar, a trabajar en grupo, a valorar el aporte de cada uno y a unirse para lograr una meta com\u00fan. El hacer musical (la escucha, la interpretaci\u00f3n, la composici\u00f3n) activa procesos cognitivos que, si bien son diferentes, se reclaman mutuamente.<\/span><br \/><span style=\"color: #000000;\">CLASE de INSTRUMENTO semanal (este horario se proporcionar\u00e1 a partir de la 2da quincena de febrero 2022)<\/span><br \/><span style=\"color: #000000;\">Un instrumento musical es un medio de expresi\u00f3n que se extiende por fuera del cuerpo y permite transmitir a trav\u00e9s de \u00e9l, los sentimientos de cada uno. Para aquellos que se acercan a la m\u00fasica a trav\u00e9s de un instrumento musical, \u00e9ste les brinda la posibilidad de crear sonidos que con el correr del tiempo aprender\u00e1n a pulir y moldear hasta darles su propia personalidad.<\/span><\/p>\n<h5><em><span style=\"color: #000000;\"><strong>A partir de 10 a 12 A\u00f1os\u00a0 las clase se denominan INICIACION\u00a0 I, II y II las cuales aumentan su carga horaria y se le suman una clase de CORO<\/strong><\/span><\/em><\/h5>\n<h4><span style=\"color: #ff00ff;\">Iniciaci\u00f3n Musical -Coro -instrumento desde 5\u00ba grado hasta 7\u00ba grado &#8211; de 10 a 12 a\u00f1os<\/span><\/h4>\n<h5><em><span style=\"color: #000000;\">Se pueden preinscribir a uno de estos instrumentos:<\/span><\/em><span style=\"color: #9900ff; font-family: verdana, geneva; font-size: 12pt;\"><strong><br \/><\/strong><\/span><\/h5>\n<h4>Turno Ma\u00f1ana\u00a0 \u00a0 \u00a0 \u00a0 \u00a0 \u00a0 \u00a0 \u00a0 \u00a0 \u00a0 \u00a0 \u00a0 \u00a0 \u00a0 \u00a0 \u00a0 \u00a0 \u00a0 \u00a0 \u00a0 \u00a0 \u00a0 \u00a0 \u00a0 \u00a0 Turno Tarde<\/h4>\n<p><span style=\"font-family: verdana, geneva; font-size: 12pt;\"><strong><span style=\"color: #ff00ff;\">Guitarra\u00a0 \u00a0 \u00a0 \u00a0 \u00a0 \u00a0 \u00a0 \u00a0 \u00a0 \u00a0 \u00a0 \u00a0 \u00a0 \u00a0 \u00a0 \u00a0 \u00a0 \u00a0 \u00a0 \u00a0 \u00a0 \u00a0 \u00a0 \u00a0 \u00a0 \u00a0 \u00a0 \u00a0 \u00a0 \u00a0 \u00a0 \u00a0 \u00a0 \u00a0 \u00a0 \u00a0 \u00a0 \u00a0 \u00a0 \u00a0 \u00a0 \u00a0<\/span><\/strong><\/span><span style=\"color: #ff00ff; font-family: verdana, geneva;\"><span style=\"font-size: 16px;\"><b>Percusi\u00f3n<\/b><\/span><\/span><\/p>\n<p><span style=\"font-family: verdana, geneva; font-size: 12pt;\"><strong><span style=\"color: #ff00ff;\">Piano\u00a0 \u00a0 \u00a0 \u00a0 \u00a0 \u00a0 \u00a0 \u00a0 \u00a0 \u00a0 \u00a0 \u00a0 \u00a0 \u00a0 \u00a0 \u00a0 \u00a0 \u00a0 \u00a0 \u00a0 \u00a0 \u00a0 \u00a0 \u00a0 \u00a0 \u00a0 \u00a0 \u00a0 \u00a0 \u00a0 \u00a0 \u00a0 \u00a0 \u00a0 \u00a0 \u00a0 \u00a0 \u00a0 \u00a0 \u00a0 \u00a0 \u00a0 \u00a0 \u00a0Piano<\/span><\/strong><\/span><\/p>\n<p><span style=\"font-family: verdana, geneva; font-size: 12pt;\"><strong><span style=\"color: #ff00ff;\">Flauta Dulce\u00a0 \u00a0 \u00a0 \u00a0 \u00a0 \u00a0 \u00a0 \u00a0 \u00a0 \u00a0 \u00a0 \u00a0 \u00a0 \u00a0 \u00a0 \u00a0 \u00a0 \u00a0 \u00a0 \u00a0 \u00a0 \u00a0 \u00a0 \u00a0 \u00a0 \u00a0 \u00a0 \u00a0 \u00a0 \u00a0 \u00a0 \u00a0 \u00a0 \u00a0 \u00a0 \u00a0 \u00a0 \u00a0 Flauta Dulce\u00a0<\/span><\/strong><\/span><\/p>\n<p><span style=\"font-family: verdana, geneva; font-size: 12pt;\"><strong><span style=\"color: #ff00ff;\">Flauta Traversa\u00a0 \u00a0 \u00a0 \u00a0 \u00a0 \u00a0 \u00a0 \u00a0 \u00a0 \u00a0 \u00a0 \u00a0 \u00a0 \u00a0 \u00a0 \u00a0 \u00a0 \u00a0 \u00a0 \u00a0 \u00a0 \u00a0 \u00a0 \u00a0 \u00a0 \u00a0 \u00a0 \u00a0 \u00a0 \u00a0 \u00a0 \u00a0 \u00a0 \u00a0 \u00a0 Flauta traversa<\/span><\/strong><\/span><\/p>\n<p><span style=\"font-family: verdana, geneva; font-size: 12pt;\"><span style=\"color: #ff00ff;\"><span style=\"font-family: verdana, geneva; font-size: 12pt; color: #ff00ff;\"><b>Viol\u00edn\u00a0 \u00a0 \u00a0 \u00a0 \u00a0 \u00a0 \u00a0 \u00a0 \u00a0 \u00a0 \u00a0 \u00a0 \u00a0 \u00a0 \u00a0 \u00a0 \u00a0 \u00a0 \u00a0 \u00a0 \u00a0 \u00a0 \u00a0 \u00a0 \u00a0 \u00a0 \u00a0 \u00a0 \u00a0 \u00a0 \u00a0 \u00a0 \u00a0 \u00a0 \u00a0 \u00a0 \u00a0 \u00a0 \u00a0 \u00a0 \u00a0 \u00a0 \u00a0 <\/b><\/span><span style=\"color: #ff00ff; font-family: verdana, geneva;\"><span style=\"font-size: 16px;\"><b>Viol\u00edn<\/b><\/span><\/span><\/span><\/span><\/p>\n<p><span style=\"font-family: verdana, geneva; font-size: 12pt;\"><strong><span style=\"color: #ff00ff;\">Violoncello\u00a0 \u00a0 \u00a0 \u00a0 \u00a0 \u00a0 \u00a0 \u00a0 \u00a0 \u00a0 \u00a0 \u00a0 \u00a0 \u00a0 \u00a0 \u00a0 \u00a0 \u00a0 \u00a0 \u00a0 \u00a0 \u00a0 \u00a0 \u00a0 \u00a0 \u00a0 \u00a0 \u00a0 \u00a0 \u00a0 \u00a0 \u00a0 \u00a0 \u00a0 \u00a0 \u00a0 \u00a0 \u00a0 \u00a0 Violoncello<\/span><\/strong><\/span><\/p>\n<p><span style=\"font-family: verdana, geneva; font-size: 12pt;\"><strong><span style=\"color: #ff00ff;\">Arpa\u00a0 \u00a0 \u00a0 \u00a0 \u00a0 \u00a0 \u00a0 \u00a0 \u00a0 \u00a0 \u00a0 \u00a0 \u00a0 \u00a0 \u00a0 \u00a0 \u00a0 \u00a0 \u00a0 \u00a0 \u00a0 \u00a0 \u00a0 \u00a0 \u00a0 \u00a0 \u00a0 \u00a0 \u00a0 \u00a0 \u00a0 \u00a0 \u00a0 \u00a0 \u00a0 \u00a0 \u00a0 \u00a0 \u00a0 \u00a0 \u00a0 \u00a0 \u00a0 \u00a0 Arpa<\/span><\/strong><\/span><\/p>\n<p><span style=\"font-family: verdana, geneva; font-size: 12pt;\"><strong><span style=\"color: #ff00ff;\">\u00a0 \u00a0 \u00a0 \u00a0 \u00a0 \u00a0 \u00a0 \u00a0 \u00a0 \u00a0 \u00a0 \u00a0 \u00a0 \u00a0 \u00a0 \u00a0 \u00a0 \u00a0 \u00a0 \u00a0 \u00a0 \u00a0 \u00a0 \u00a0 \u00a0 \u00a0 \u00a0 \u00a0 \u00a0 \u00a0 \u00a0 \u00a0 \u00a0 \u00a0 \u00a0 \u00a0 \u00a0 \u00a0 \u00a0 \u00a0 \u00a0 \u00a0 \u00a0 \u00a0 \u00a0 \u00a0 \u00a0 \u00a0Oboe\u00a0 \u00a0 \u00a0 \u00a0 \u00a0 \u00a0 \u00a0 \u00a0 \u00a0 \u00a0 \u00a0 \u00a0 \u00a0 \u00a0 \u00a0 \u00a0 \u00a0 \u00a0 \u00a0 \u00a0 \u00a0 \u00a0 \u00a0 \u00a0 \u00a0 \u00a0 \u00a0 \u00a0 \u00a0 \u00a0 \u00a0 \u00a0 \u00a0 \u00a0 \u00a0 \u00a0 \u00a0 \u00a0 \u00a0 \u00a0 \u00a0 \u00a0 \u00a0 \u00a0 \u00a0 \u00a0 <\/span><\/strong><\/span><\/p>\n<p><span style=\"font-family: verdana, geneva; font-size: 12pt;\"><strong><span style=\"color: #ff00ff;\">\u00a0 \u00a0 \u00a0 \u00a0 \u00a0 \u00a0 \u00a0 \u00a0 \u00a0 \u00a0 \u00a0 \u00a0 \u00a0 \u00a0 \u00a0 \u00a0 \u00a0 \u00a0 \u00a0 \u00a0 \u00a0 \u00a0 \u00a0 \u00a0 \u00a0 \u00a0 \u00a0 \u00a0 \u00a0 \u00a0 \u00a0 \u00a0 \u00a0 \u00a0 \u00a0 \u00a0 \u00a0 \u00a0 \u00a0 \u00a0 \u00a0 \u00a0 \u00a0 \u00a0 \u00a0 \u00a0 \u00a0 \u00a0Fagot<\/span><\/strong><\/span><\/p>\n<p><span style=\"font-family: verdana, geneva; font-size: 12pt;\"><strong><span style=\"color: #ff00ff;\">\u00a0 \u00a0 \u00a0 \u00a0 \u00a0 \u00a0 \u00a0 \u00a0 \u00a0 \u00a0 \u00a0 \u00a0 \u00a0 \u00a0 \u00a0 \u00a0 \u00a0 \u00a0 \u00a0 \u00a0 \u00a0 \u00a0 \u00a0 \u00a0 \u00a0 \u00a0 \u00a0 \u00a0 \u00a0 \u00a0 \u00a0 \u00a0 \u00a0 \u00a0 \u00a0 \u00a0 \u00a0 \u00a0 \u00a0 \u00a0 \u00a0 \u00a0 \u00a0 \u00a0 \u00a0 \u00a0 \u00a0 Clarinete\u00a0<\/span><\/strong><\/span><\/p>\n<p><span style=\"color: #ff00ff;\"><b>\u00a0 \u00a0 \u00a0 \u00a0 \u00a0 \u00a0 \u00a0 \u00a0 \u00a0 \u00a0 \u00a0 \u00a0 \u00a0 \u00a0 \u00a0 \u00a0 \u00a0 \u00a0 \u00a0 \u00a0 \u00a0 \u00a0 \u00a0 \u00a0 \u00a0 \u00a0 \u00a0 \u00a0 \u00a0 \u00a0 \u00a0 \u00a0 \u00a0 \u00a0 \u00a0 \u00a0 \u00a0 \u00a0 \u00a0 \u00a0 \u00a0 \u00a0 \u00a0 \u00a0 \u00a0 \u00a0 \u00a0 \u00a0 \u00a0 \u00a0 \u00a0 \u00a0 \u00a0 \u00a0 \u00a0 \u00a0 \u00a0 \u00a0 \u00a0 \u00a0 \u00a0 \u00a0Guitarra<\/b><\/span><\/p>\n<p><span style=\"color: #000000;\"><strong>En cada caso, si la demanda es mayor que la cantidad de vacantes se realizar\u00e1 sorteo.<\/strong><\/span><\/p>\n<p><span style=\"color: #000000;\"><b style=\"color: #000000;\">En el caso que se producen vacantes se <\/b><span style=\"color: #000000;\"><b>llamara<\/b><\/span><b style=\"color: #000000;\"> a quienes quedaron en lista de espera. Si no hay inscriptos en lista de espera, se publican en la\u00a0 pagina oficial de la Escuela<\/b><\/span><\/p>\n<p style=\"text-align: left;\"><strong style=\"color: #339966; font-family: verdana, geneva; font-size: 12pt;\"><span style=\"color: #000000;\">Jefatura del Nivel Ni\u00f1os<\/span><\/strong><\/p>\n<p style=\"text-align: left;\"><span style=\"color: #339966;\"><strong><span style=\"background-color: #ffffff; font-family: arial,helvetica,sans-serif; font-size: 10pt;\"><span style=\"font-family: verdana, geneva; font-size: 12pt;\">Prof. Yanina Fabri<\/span><\/span><\/strong><\/span><span style=\"color: #339966;\"><strong><span style=\"background-color: #ffffff; font-family: arial,helvetica,sans-serif; font-size: 10pt;\"><br \/><\/span><\/strong><\/span><\/p>\n<p><span style=\"color: #339966;\"><strong>Prof. Cecilia Diaz<\/strong><\/span><\/p>\n<p style=\"text-align: left;\">\u00a0<span style=\"color: #003300;\"><strong><span style=\"background-color: #ffffff; font-family: arial,helvetica,sans-serif; font-size: 10pt;\"><span style=\"font-family: verdana, geneva; font-size: 12pt;\">Coordinadora<\/span><\/span><\/strong><\/span><\/p>\n<p style=\"text-align: left;\">\u00a0<span style=\"color: #339966;\"><strong><span style=\"background-color: #ffffff; font-family: arial,helvetica,sans-serif; font-size: 10pt;\"><span style=\"font-family: verdana, geneva; font-size: 12pt;\">Prof. Silvina Covicchi<\/span><\/span><\/strong><\/span><\/p>\n<header class=\"entry-header\"><\/header>\n<div class=\"entry-content\">\n<div id=\"contenido_sitio\">\n<h2 style=\"text-align: center;\"><span style=\"color: #008000;\"><span style=\"color: #008000;\">Escuela Superior de M\u00fasica de Neuqu\u00e9n.<\/span><\/span><\/h2>\n<h2 style=\"text-align: center;\"><span style=\"color: #008000;\"><strong>Diagonal Alvear 90 \u2013 8300 Neuqu\u00e9n<\/strong><\/span><\/h2>\n<h2 style=\"text-align: center;\"><span style=\"color: #008000;\"><strong>TE 4433200<\/strong><\/span><\/h2>\n<h2 style=\"text-align: center;\"><span style=\"color: #008000;\"><strong>mail musicanqn@gmail.com<\/strong><\/span><\/h2>\n<\/div>\n<\/div>\n\n\n<p><\/p>\n","protected":false},"excerpt":{"rendered":"<p>\u00a0 \u00a0 Recordamos: Ma\u00f1ana Jueves 12 de mayo, no hay clases, ya que hay Jornada Institucional Inscripci\u00f3n abierta a ensambles Nivel Ni\u00f1a\/os A partir de este lunes 28 de marzo se encuentra abierta la inscripci\u00f3n para formar parte de los Ensambles de Violines, Flautas Traversas y Violoncellos del Nivel Ni\u00f1os y Ni\u00f1as de la Escuela &#8230; <a title=\"Nivel Ni\u00f1os y Ni\u00f1as\" class=\"read-more\" href=\"https:\/\/esm-nqn.infd.edu.ar\/sitio\/nivel-ninos\/\" aria-label=\"More on Nivel Ni\u00f1os y Ni\u00f1as\">[+]<\/a><\/p>\n","protected":false},"author":176,"featured_media":0,"parent":0,"menu_order":0,"comment_status":"closed","ping_status":"closed","template":"","meta":[],"acf":[],"_links":{"self":[{"href":"https:\/\/esm-nqn.infd.edu.ar\/sitio\/wp-json\/wp\/v2\/pages\/771"}],"collection":[{"href":"https:\/\/esm-nqn.infd.edu.ar\/sitio\/wp-json\/wp\/v2\/pages"}],"about":[{"href":"https:\/\/esm-nqn.infd.edu.ar\/sitio\/wp-json\/wp\/v2\/types\/page"}],"author":[{"embeddable":true,"href":"https:\/\/esm-nqn.infd.edu.ar\/sitio\/wp-json\/wp\/v2\/users\/176"}],"replies":[{"embeddable":true,"href":"https:\/\/esm-nqn.infd.edu.ar\/sitio\/wp-json\/wp\/v2\/comments?post=771"}],"version-history":[{"count":63,"href":"https:\/\/esm-nqn.infd.edu.ar\/sitio\/wp-json\/wp\/v2\/pages\/771\/revisions"}],"predecessor-version":[{"id":4118,"href":"https:\/\/esm-nqn.infd.edu.ar\/sitio\/wp-json\/wp\/v2\/pages\/771\/revisions\/4118"}],"wp:attachment":[{"href":"https:\/\/esm-nqn.infd.edu.ar\/sitio\/wp-json\/wp\/v2\/media?parent=771"}],"curies":[{"name":"wp","href":"https:\/\/api.w.org\/{rel}","templated":true}]}}